Last updated on 2024-06-19 20:58:37 CEST.
Flavor | Version | Tinstall | Tcheck | Ttotal | Status | Flags |
---|---|---|---|---|---|---|
r-devel-linux-x86_64-debian-clang | 0.37.3 | 137.60 | 152.35 | 289.95 | OK | |
r-devel-linux-x86_64-debian-gcc | 0.37.3 | 92.74 | 109.81 | 202.55 | OK | |
r-devel-linux-x86_64-fedora-clang | 0.37.3 | 372.26 | OK | |||
r-devel-linux-x86_64-fedora-gcc | 0.37.3 | 407.02 | OK | |||
r-devel-windows-x86_64 | 0.37.3 | 104.00 | 155.00 | 259.00 | OK | |
r-patched-linux-x86_64 | 0.37.3 | 90.46 | 141.79 | 232.25 | OK | |
r-release-linux-x86_64 | 0.37.3 | 82.72 | 145.06 | 227.78 | OK | |
r-release-macos-arm64 | 0.37.3 | 80.00 | NOTE | |||
r-release-macos-x86_64 | 0.37.3 | 93.00 | NOTE | |||
r-release-windows-x86_64 | 0.37.3 | 100.00 | 156.00 | 256.00 | OK | |
r-oldrel-macos-arm64 | 0.37.3 | 84.00 | NOTE | |||
r-oldrel-macos-x86_64 | 0.37.3 | 162.00 | NOTE | |||
r-oldrel-windows-x86_64 | 0.37.3 | 131.00 | 185.00 | 316.00 | NOTE |
Version: 0.37.3
Check: installed package size
Result: NOTE
installed size is 7.2Mb
sub-directories of 1Mb or more:
data 2.9Mb
libs 3.3Mb
Flavors: r-release-macos-arm64, r-release-macos-x86_64, r-oldrel-macos-arm64, r-oldrel-macos-x86_64, r-oldrel-windows-x86_64
Version: 0.37.3
Check: package dependencies
Result: NOTE
Package suggested but not available for checking: ‘raybevel’
Flavors: r-oldrel-macos-arm64, r-oldrel-macos-x86_64