Last updated on 2024-06-16 13:53:39 CEST.
Flavor | Version | Tinstall | Tcheck | Ttotal | Status | Flags |
---|---|---|---|---|---|---|
r-devel-linux-x86_64-debian-clang | 0.10.4 | 166.70 | 57.90 | 224.60 | OK | |
r-devel-linux-x86_64-debian-gcc | 0.10.4 | 116.63 | 42.49 | 159.12 | OK | |
r-devel-linux-x86_64-fedora-clang | 0.10.4 | 313.02 | OK | |||
r-devel-linux-x86_64-fedora-gcc | 0.10.4 | 350.75 | OK | |||
r-devel-windows-x86_64 | 0.10.4 | 129.00 | 97.00 | 226.00 | OK | |
r-patched-linux-x86_64 | 0.10.4 | 148.21 | 56.94 | 205.15 | OK | |
r-release-linux-x86_64 | 0.10.4 | 145.33 | 55.33 | 200.66 | OK | |
r-release-macos-arm64 | 0.10.4 | 59.00 | NOTE | |||
r-release-macos-x86_64 | 0.10.4 | 72.00 | NOTE | |||
r-release-windows-x86_64 | 0.10.4 | 133.00 | 98.00 | 231.00 | OK | |
r-oldrel-macos-arm64 | 0.10.4 | 72.00 | NOTE | |||
r-oldrel-macos-x86_64 | 0.10.4 | 84.00 | NOTE | |||
r-oldrel-windows-x86_64 | 0.10.4 | 158.00 | 116.00 | 274.00 | OK |
Version: 0.10.4
Check: installed package size
Result: NOTE
installed size is 9.8Mb
sub-directories of 1Mb or more:
libs 9.3Mb
Flavors: r-release-macos-arm64, r-release-macos-x86_64, r-oldrel-macos-arm64, r-oldrel-macos-x86_64