Last updated on 2024-06-20 02:57:26 CEST.
Flavor | Version | Tinstall | Tcheck | Ttotal | Status | Flags |
---|---|---|---|---|---|---|
r-devel-linux-x86_64-debian-clang | 0.1-2 | 18.03 | 112.56 | 130.59 | OK | |
r-devel-linux-x86_64-debian-gcc | 0.1-2 | 12.18 | 80.95 | 93.13 | OK | |
r-devel-linux-x86_64-fedora-clang | 0.1-2 | 157.64 | NOTE | |||
r-devel-linux-x86_64-fedora-gcc | 0.1-2 | 154.68 | OK | |||
r-devel-windows-x86_64 | 0.1-2 | 14.00 | 107.00 | 121.00 | NOTE | |
r-patched-linux-x86_64 | 0.1-2 | 17.49 | 106.54 | 124.03 | OK | |
r-release-linux-x86_64 | 0.1-2 | 13.79 | 104.54 | 118.33 | OK | |
r-release-macos-arm64 | 0.1-2 | 50.00 | NOTE | |||
r-release-macos-x86_64 | 0.1-2 | 124.00 | NOTE | |||
r-release-windows-x86_64 | 0.1-2 | 16.00 | 108.00 | 124.00 | NOTE | |
r-oldrel-macos-arm64 | 0.1-2 | 54.00 | NOTE | |||
r-oldrel-macos-x86_64 | 0.1-2 | 103.00 | NOTE | |||
r-oldrel-windows-x86_64 | 0.1-2 | 18.00 | 131.00 | 149.00 | OK |
Version: 0.1-2
Check: installed package size
Result: NOTE
installed size is 5.0Mb
sub-directories of 1Mb or more:
data 4.2Mb
Flavors: r-devel-linux-x86_64-fedora-clang, r-devel-windows-x86_64, r-release-macos-arm64, r-release-macos-x86_64, r-release-windows-x86_64, r-oldrel-macos-arm64, r-oldrel-macos-x86_64