CRAN Package Check Results for Package rclipboard

Last updated on 2025-07-13 04:48:58 CEST.

Flavor Version Tinstall Tcheck Ttotal Status Flags
r-devel-linux-x86_64-debian-clang 0.2.1 3.24 32.07 35.31 NOTE
r-devel-linux-x86_64-debian-gcc 0.2.1 2.65 25.43 28.08 NOTE
r-devel-linux-x86_64-fedora-clang 0.2.1 53.79 OK
r-devel-linux-x86_64-fedora-gcc 0.2.1 51.01 OK
r-devel-windows-x86_64 0.2.1 5.00 49.00 54.00 OK
r-patched-linux-x86_64 0.2.1 3.62 29.88 33.50 OK
r-release-linux-x86_64 0.2.1 3.25 29.78 33.03 OK
r-release-macos-arm64 0.2.1 31.00 OK
r-release-macos-x86_64 0.2.1 40.00 OK
r-release-windows-x86_64 0.2.1 5.00 52.00 57.00 OK
r-oldrel-macos-arm64 0.2.1 21.00 OK
r-oldrel-macos-x86_64 0.2.1 30.00 OK
r-oldrel-windows-x86_64 0.2.1 7.00 57.00 64.00 OK

Check Details

Version: 0.2.1
Check: CRAN incoming feasibility
Result: NOTE Maintainer: ‘Sebastien Bihorel <sb.pmlab@gmail.com>’ No Authors@R field in DESCRIPTION. Please add one, modifying Authors@R: person(given = "Sebastien", family = "Bihorel", role = c("aut", "cre"), email = "sb.pmlab@gmail.com") as necessary. Flavors: r-devel-linux-x86_64-debian-clang, r-devel-linux-x86_64-debian-gcc