Last updated on 2025-07-13 04:48:58 CEST.
Flavor | Version | Tinstall | Tcheck | Ttotal | Status | Flags |
---|---|---|---|---|---|---|
r-devel-linux-x86_64-debian-clang | 0.5.5 | 45.42 | 107.75 | 153.17 | OK | |
r-devel-linux-x86_64-debian-gcc | 0.5.5 | 32.56 | 76.62 | 109.18 | OK | |
r-devel-linux-x86_64-fedora-clang | 0.5.5 | 257.70 | OK | |||
r-devel-linux-x86_64-fedora-gcc | 0.5.5 | 272.07 | OK | |||
r-devel-windows-x86_64 | 0.5.5 | 51.00 | 134.00 | 185.00 | OK | |
r-patched-linux-x86_64 | 0.5.5 | 46.85 | 102.41 | 149.26 | OK | |
r-release-linux-x86_64 | 0.5.5 | 45.52 | 101.07 | 146.59 | OK | |
r-release-macos-arm64 | 0.5.5 | 75.00 | OK | |||
r-release-macos-x86_64 | 0.5.5 | 117.00 | OK | |||
r-release-windows-x86_64 | 0.5.5 | 56.00 | 140.00 | 196.00 | OK | |
r-oldrel-macos-arm64 | 0.5.5 | 73.00 | NOTE | |||
r-oldrel-macos-x86_64 | 0.5.5 | 118.00 | NOTE | |||
r-oldrel-windows-x86_64 | 0.5.5 | 67.00 | 161.00 | 228.00 | NOTE |
Version: 0.5.5
Check: installed package size
Result: NOTE
installed size is 7.2Mb
sub-directories of 1Mb or more:
doc 3.5Mb
libs 3.0Mb
Flavors: r-oldrel-macos-arm64, r-oldrel-macos-x86_64, r-oldrel-windows-x86_64