CRAN Package Check Results for Package reinsureR

Last updated on 2025-07-13 04:48:58 CEST.

Flavor Version Tinstall Tcheck Ttotal Status Flags
r-devel-linux-x86_64-debian-clang 0.1.0 9.47 54.26 63.73 NOTE
r-devel-linux-x86_64-debian-gcc 0.1.0 5.62 37.79 43.41 NOTE
r-devel-linux-x86_64-fedora-clang 0.1.0 92.89 OK
r-devel-linux-x86_64-fedora-gcc 0.1.0 89.73 OK
r-devel-windows-x86_64 0.1.0 10.00 68.00 78.00 OK
r-patched-linux-x86_64 0.1.0 8.92 48.34 57.26 OK
r-release-linux-x86_64 0.1.0 9.30 47.20 56.50 OK
r-release-macos-arm64 0.1.0 26.00 OK
r-release-macos-x86_64 0.1.0 51.00 OK
r-release-windows-x86_64 0.1.0 11.00 73.00 84.00 OK
r-oldrel-macos-arm64 0.1.0 26.00 NOTE
r-oldrel-macos-x86_64 0.1.0 38.00 NOTE
r-oldrel-windows-x86_64 0.1.0 14.00 78.00 92.00 NOTE

Check Details

Version: 0.1.0
Check: CRAN incoming feasibility
Result: NOTE Maintainer: ‘Arnaud Buzzi <arnaud.buzzi@sia-partners.com>’ No Authors@R field in DESCRIPTION. Please add one, modifying Authors@R: person(given = "Arnaud", family = "Buzzi", role = c("aut", "cre"), email = "arnaud.buzzi@sia-partners.com") as necessary. Flavors: r-devel-linux-x86_64-debian-clang, r-devel-linux-x86_64-debian-gcc

Version: 0.1.0
Check: LazyData
Result: NOTE 'LazyData' is specified without a 'data' directory Flavors: r-oldrel-macos-arm64, r-oldrel-macos-x86_64, r-oldrel-windows-x86_64