Last updated on 2025-10-18 23:50:01 CEST.
Flavor | Version | Tinstall | Tcheck | Ttotal | Status | Flags |
---|---|---|---|---|---|---|
r-devel-linux-x86_64-debian-clang | 1.1.5 | 6.27 | 64.12 | 70.39 | NOTE | |
r-devel-linux-x86_64-debian-gcc | 1.1.5 | 3.96 | 46.21 | 50.17 | NOTE | |
r-devel-linux-x86_64-fedora-clang | 1.1.5 | 108.81 | OK | |||
r-devel-linux-x86_64-fedora-gcc | 1.1.5 | 108.94 | OK | |||
r-devel-windows-x86_64 | 1.1.5 | 6.00 | 80.00 | 86.00 | OK | |
r-patched-linux-x86_64 | 1.1.5 | 6.51 | 60.19 | 66.70 | OK | |
r-release-linux-x86_64 | 1.1.5 | 5.93 | 58.20 | 64.13 | OK | |
r-release-macos-arm64 | 1.1.5 | 28.00 | OK | |||
r-release-macos-x86_64 | 1.1.5 | 57.00 | OK | |||
r-release-windows-x86_64 | 1.1.5 | 7.00 | 82.00 | 89.00 | OK | |
r-oldrel-macos-arm64 | 1.1.5 | 27.00 | OK | |||
r-oldrel-macos-x86_64 | 1.1.5 | 47.00 | OK | |||
r-oldrel-windows-x86_64 | 1.1.5 | 9.00 | 94.00 | 103.00 | OK |
Version: 1.1.5
Check: CRAN incoming feasibility
Result: NOTE
Maintainer: ‘Sean Turner <swd.turner@gmail.com>’
Package CITATION file contains call(s) to old-style citEntry(). Please
use bibentry() instead.
Flavors: r-devel-linux-x86_64-debian-clang, r-devel-linux-x86_64-debian-gcc