CRAN Package Check Results for Package rgen

Last updated on 2025-07-12 22:49:20 CEST.

Flavor Version Tinstall Tcheck Ttotal Status Flags
r-devel-linux-x86_64-debian-clang 0.0.1 1.47 20.46 21.93 OK
r-devel-linux-x86_64-debian-gcc 0.0.1 1.32 17.38 18.70 OK
r-devel-linux-x86_64-fedora-clang 0.0.1 33.39 OK
r-devel-linux-x86_64-fedora-gcc 0.0.1 44.59 OK
r-devel-windows-x86_64 0.0.1 3.00 41.00 44.00 OK
r-patched-linux-x86_64 0.0.1 1.43 18.29 19.72 OK
r-release-linux-x86_64 0.0.1 1.47 18.26 19.73 OK
r-release-macos-arm64 0.0.1 22.00 OK
r-release-macos-x86_64 0.0.1 37.00 OK
r-release-windows-x86_64 0.0.1 3.00 44.00 47.00 OK
r-oldrel-macos-arm64 0.0.1 21.00 NOTE
r-oldrel-macos-x86_64 0.0.1 31.00 NOTE
r-oldrel-windows-x86_64 0.0.1 3.00 45.00 48.00 NOTE

Check Details

Version: 0.0.1
Check: LazyData
Result: NOTE 'LazyData' is specified without a 'data' directory Flavors: r-oldrel-macos-arm64, r-oldrel-macos-x86_64, r-oldrel-windows-x86_64