Last updated on 2025-07-13 10:48:30 CEST.
Flavor | Version | Tinstall | Tcheck | Ttotal | Status | Flags |
---|---|---|---|---|---|---|
r-devel-linux-x86_64-debian-clang | 1.1.4 | 5.98 | 282.31 | 288.29 | NOTE | |
r-devel-linux-x86_64-debian-gcc | 1.1.4 | 3.91 | 221.36 | 225.27 | NOTE | |
r-devel-linux-x86_64-fedora-clang | 1.1.4 | 458.08 | OK | |||
r-devel-linux-x86_64-fedora-gcc | 1.1.4 | 565.18 | OK | |||
r-devel-windows-x86_64 | 1.1.4 | 8.00 | 367.00 | 375.00 | OK | |
r-patched-linux-x86_64 | 1.1.4 | 5.71 | 278.25 | 283.96 | OK | |
r-release-linux-x86_64 | 1.1.4 | 5.68 | 274.66 | 280.34 | OK | |
r-release-macos-arm64 | 1.1.4 | 206.00 | OK | |||
r-release-macos-x86_64 | 1.1.4 | 453.00 | OK | |||
r-release-windows-x86_64 | 1.1.4 | 9.00 | 370.00 | 379.00 | OK | |
r-oldrel-macos-arm64 | 1.1.4 | 207.00 | OK | |||
r-oldrel-macos-x86_64 | 1.1.4 | 325.00 | OK | |||
r-oldrel-windows-x86_64 | 1.1.4 | 11.00 | 402.00 | 413.00 | OK |
Version: 1.1.4
Check: CRAN incoming feasibility
Result: NOTE
Maintainer: ‘Gerry Tonkin-Hill <g.tonkinhill@gmail.com>’
Package CITATION file contains call(s) to old-style personList() or
as.personList(). Please use c() on person objects instead.
Package CITATION file contains call(s) to old-style citEntry(). Please
use bibentry() instead.
Flavors: r-devel-linux-x86_64-debian-clang, r-devel-linux-x86_64-debian-gcc