Last updated on 2025-07-13 04:48:59 CEST.
Flavor | Version | Tinstall | Tcheck | Ttotal | Status | Flags |
---|---|---|---|---|---|---|
r-devel-linux-x86_64-debian-clang | 1.1.1 | 8.61 | 22.28 | 30.89 | NOTE | |
r-devel-linux-x86_64-debian-gcc | 1.1.1 | 6.11 | 18.92 | 25.03 | NOTE | |
r-devel-linux-x86_64-fedora-clang | 1.1.1 | 46.97 | OK | |||
r-devel-linux-x86_64-fedora-gcc | 1.1.1 | 44.49 | OK | |||
r-devel-windows-x86_64 | 1.1.1 | 10.00 | 43.00 | 53.00 | OK | |
r-patched-linux-x86_64 | 1.1.1 | 9.05 | 20.91 | 29.96 | OK | |
r-release-linux-x86_64 | 1.1.1 | 7.84 | 21.01 | 28.85 | OK | |
r-release-macos-arm64 | 1.1.1 | 22.00 | OK | |||
r-release-macos-x86_64 | 1.1.1 | 33.00 | OK | |||
r-release-windows-x86_64 | 1.1.1 | 10.00 | 46.00 | 56.00 | OK | |
r-oldrel-macos-arm64 | 1.1.1 | 21.00 | NOTE | |||
r-oldrel-macos-x86_64 | 1.1.1 | 32.00 | NOTE | |||
r-oldrel-windows-x86_64 | 1.1.1 | 12.00 | 45.00 | 57.00 | NOTE |
Version: 1.1.1
Check: CRAN incoming feasibility
Result: NOTE
Maintainer: ‘Xiang LI <ynaulx@gmail.com>’
No Authors@R field in DESCRIPTION.
Please add one, modifying
Authors@R: person(given = "Xiang",
family = "LI",
role = c("aut", "cre"),
email = "ynaulx@gmail.com")
as necessary.
Flavors: r-devel-linux-x86_64-debian-clang, r-devel-linux-x86_64-debian-gcc
Version: 1.1.1
Check: LazyData
Result: NOTE
'LazyData' is specified without a 'data' directory
Flavors: r-oldrel-macos-arm64, r-oldrel-macos-x86_64, r-oldrel-windows-x86_64