Last updated on 2025-07-13 04:48:59 CEST.
Flavor | Version | Tinstall | Tcheck | Ttotal | Status | Flags |
---|---|---|---|---|---|---|
r-devel-linux-x86_64-debian-clang | 0.1.9 | 5.50 | 59.16 | 64.66 | NOTE | |
r-devel-linux-x86_64-debian-gcc | 0.1.9 | 4.75 | 43.37 | 48.12 | NOTE | |
r-devel-linux-x86_64-fedora-clang | 0.1.9 | 97.92 | OK | |||
r-devel-linux-x86_64-fedora-gcc | 0.1.9 | 105.64 | OK | |||
r-devel-windows-x86_64 | 0.1.9 | 7.00 | 73.00 | 80.00 | NOTE | |
r-patched-linux-x86_64 | 0.1.9 | 5.71 | 54.20 | 59.91 | NOTE | |
r-release-linux-x86_64 | 0.1.9 | 4.92 | 53.54 | 58.46 | NOTE | |
r-release-macos-arm64 | 0.1.9 | 36.00 | OK | |||
r-release-macos-x86_64 | 0.1.9 | 62.00 | OK | |||
r-release-windows-x86_64 | 0.1.9 | 7.00 | 75.00 | 82.00 | NOTE | |
r-oldrel-macos-arm64 | 0.1.9 | 36.00 | OK | |||
r-oldrel-macos-x86_64 | 0.1.9 | 60.00 | OK | |||
r-oldrel-windows-x86_64 | 0.1.9 | 9.00 | 83.00 | 92.00 | OK |
Version: 0.1.9
Check: Rd cross-references
Result: NOTE
Found the following Rd file(s) with Rd \link{} targets missing package
anchors:
inat_map.Rd: map
Please provide package anchors for all Rd \link{} targets not in the
package itself and the base packages.
Flavors: r-devel-linux-x86_64-debian-clang, r-devel-linux-x86_64-debian-gcc, r-devel-windows-x86_64, r-patched-linux-x86_64, r-release-linux-x86_64, r-release-windows-x86_64