CRAN Package Check Results for Package riskPredictClustData

Last updated on 2025-07-13 10:48:30 CEST.

Flavor Version Tinstall Tcheck Ttotal Status Flags
r-devel-linux-x86_64-debian-clang 0.2.6 7.02 59.41 66.43 NOTE
r-devel-linux-x86_64-debian-gcc 0.2.6 4.74 43.67 48.41 NOTE
r-devel-linux-x86_64-fedora-clang 0.2.6 103.05 NOTE
r-devel-linux-x86_64-fedora-gcc 0.2.6 101.13 NOTE
r-devel-windows-x86_64 0.2.6 8.00 77.00 85.00 NOTE
r-patched-linux-x86_64 0.2.6 5.93 55.80 61.73 NOTE
r-release-linux-x86_64 0.2.6 7.40 56.47 63.87 NOTE
r-release-macos-arm64 0.2.6 32.00 NOTE
r-release-macos-x86_64 0.2.6 61.00 NOTE
r-release-windows-x86_64 0.2.6 9.00 84.00 93.00 NOTE
r-oldrel-macos-arm64 0.2.6 30.00 NOTE
r-oldrel-macos-x86_64 0.2.6 44.00 NOTE
r-oldrel-windows-x86_64 0.2.6 11.00 91.00 102.00 NOTE

Check Details

Version: 0.2.6
Check: Rd files
Result: NOTE checkRd: (-1) riskPredict.Rd:38: Lost braces 38 | {hat{eta}_c^{(1)}} based on the prediction rule.} | ^ checkRd: (-1) riskPredict.Rd:38: Lost braces 38 | {hat{eta}_c^{(1)}} based on the prediction rule.} | ^ checkRd: (-1) riskPredict.Rd:38: Lost braces; missing escapes or markup? 38 | {hat{eta}_c^{(1)}} based on the prediction rule.} | ^ checkRd: (-1) riskPredictDiff.Rd:34: Lost braces 34 | {hat{eta}_c^{(1)}-hat{eta}_c^{(2)}} based on the 2 prediction rules.} | ^ checkRd: (-1) riskPredictDiff.Rd:34: Lost braces 34 | {hat{eta}_c^{(1)}-hat{eta}_c^{(2)}} based on the 2 prediction rules.} | ^ checkRd: (-1) riskPredictDiff.Rd:34: Lost braces; missing escapes or markup? 34 | {hat{eta}_c^{(1)}-hat{eta}_c^{(2)}} based on the 2 prediction rules.} | ^ checkRd: (-1) riskPredictDiff.Rd:34: Lost braces 34 | {hat{eta}_c^{(1)}-hat{eta}_c^{(2)}} based on the 2 prediction rules.} | ^ checkRd: (-1) riskPredictDiff.Rd:34: Lost braces; missing escapes or markup? 34 | {hat{eta}_c^{(1)}-hat{eta}_c^{(2)}} based on the 2 prediction rules.} | ^ Flavors: r-devel-linux-x86_64-debian-clang, r-devel-linux-x86_64-debian-gcc, r-devel-linux-x86_64-fedora-clang, r-devel-linux-x86_64-fedora-gcc, r-devel-windows-x86_64, r-patched-linux-x86_64, r-release-linux-x86_64, r-release-macos-arm64, r-release-macos-x86_64, r-release-windows-x86_64, r-oldrel-macos-arm64, r-oldrel-macos-x86_64, r-oldrel-windows-x86_64