CRAN Package Check Results for Package rocker

Last updated on 2025-07-12 22:49:22 CEST.

Flavor Version Tinstall Tcheck Ttotal Status Flags
r-devel-linux-x86_64-debian-clang 0.3.1 5.04 78.02 83.06 NOTE
r-devel-linux-x86_64-debian-gcc 0.3.1 3.62 59.11 62.73 NOTE
r-devel-linux-x86_64-fedora-clang 0.3.1 125.70 OK
r-devel-linux-x86_64-fedora-gcc 0.3.1 135.26 OK
r-devel-windows-x86_64 0.3.1 6.00 109.00 115.00 NOTE
r-patched-linux-x86_64 0.3.1 8.20 72.37 80.57 NOTE
r-release-linux-x86_64 0.3.1 4.63 72.01 76.64 NOTE
r-release-macos-arm64 0.3.1 51.00 OK
r-release-macos-x86_64 0.3.1 90.00 OK
r-release-windows-x86_64 0.3.1 7.00 112.00 119.00 NOTE
r-oldrel-macos-arm64 0.3.1 46.00 OK
r-oldrel-macos-x86_64 0.3.1 70.00 OK
r-oldrel-windows-x86_64 0.3.1 6.00 131.00 137.00 OK

Check Details

Version: 0.3.1
Check: Rd cross-references
Result: NOTE Found the following Rd file(s) with Rd \link{} targets missing package anchors: newDB.Rd: R6, DBI rocker-R6-class.Rd: R6, DBI rocker-S3-functions.Rd: R6, DBI Please provide package anchors for all Rd \link{} targets not in the package itself and the base packages. Flavors: r-devel-linux-x86_64-debian-clang, r-devel-linux-x86_64-debian-gcc, r-devel-windows-x86_64, r-patched-linux-x86_64, r-release-linux-x86_64, r-release-windows-x86_64