Last updated on 2025-07-13 04:49:00 CEST.
Flavor | Version | Tinstall | Tcheck | Ttotal | Status | Flags |
---|---|---|---|---|---|---|
r-devel-linux-x86_64-debian-clang | 0.9.23 | 16.44 | 51.10 | 67.54 | OK | |
r-devel-linux-x86_64-debian-gcc | 0.9.23 | 15.79 | 36.14 | 51.93 | OK | |
r-devel-linux-x86_64-fedora-clang | 0.9.23 | 113.58 | OK | |||
r-devel-linux-x86_64-fedora-gcc | 0.9.23 | 131.06 | OK | |||
r-devel-windows-x86_64 | 0.9.23 | 26.00 | 90.00 | 116.00 | OK | |
r-patched-linux-x86_64 | 0.9.23 | 18.79 | 47.51 | 66.30 | OK | |
r-release-linux-x86_64 | 0.9.23 | 21.65 | 47.00 | 68.65 | OK | |
r-release-macos-arm64 | 0.9.23 | 85.00 | OK | |||
r-release-macos-x86_64 | 0.9.23 | 189.00 | OK | |||
r-release-windows-x86_64 | 0.9.23 | 26.00 | 88.00 | 114.00 | OK | |
r-oldrel-macos-arm64 | 0.9.23 | 49.00 | NOTE | |||
r-oldrel-macos-x86_64 | 0.9.23 | 182.00 | NOTE | |||
r-oldrel-windows-x86_64 | 0.9.23 | 30.00 | 102.00 | 132.00 | NOTE |
Version: 0.9.23
Check: for GNU extensions in Makefiles
Result: NOTE
GNU make is a SystemRequirements.
Flavors: r-oldrel-macos-arm64, r-oldrel-macos-x86_64, r-oldrel-windows-x86_64