Last updated on 2025-07-13 04:49:01 CEST.
Flavor | Version | Tinstall | Tcheck | Ttotal | Status | Flags |
---|---|---|---|---|---|---|
r-devel-linux-x86_64-debian-clang | 0.1.1 | 2.70 | 22.77 | 25.47 | NOTE | |
r-devel-linux-x86_64-debian-gcc | 0.1.1 | 2.44 | 18.55 | 20.99 | NOTE | |
r-devel-linux-x86_64-fedora-clang | 0.1.1 | 38.68 | NOTE | |||
r-devel-linux-x86_64-fedora-gcc | 0.1.1 | 39.10 | NOTE | |||
r-devel-windows-x86_64 | 0.1.1 | 7.00 | 46.00 | 53.00 | NOTE | |
r-patched-linux-x86_64 | 0.1.1 | 2.96 | 21.70 | 24.66 | NOTE | |
r-release-linux-x86_64 | 0.1.1 | 2.80 | 21.17 | 23.97 | NOTE | |
r-release-macos-arm64 | 0.1.1 | 20.00 | NOTE | |||
r-release-macos-x86_64 | 0.1.1 | 29.00 | NOTE | |||
r-release-windows-x86_64 | 0.1.1 | 7.00 | 49.00 | 56.00 | NOTE | |
r-oldrel-macos-arm64 | 0.1.1 | 18.00 | OK | |||
r-oldrel-macos-x86_64 | 0.1.1 | 26.00 | OK | |||
r-oldrel-windows-x86_64 | 0.1.1 | 9.00 | 49.00 | 58.00 | OK |
Version: 0.1.1
Check: DESCRIPTION meta-information
Result: NOTE
Missing dependency on R >= 4.1.0 because package code uses the pipe
|> or function shorthand \(...) syntax added in R 4.1.0.
File(s) using such syntax:
‘sort_tips.Rd’ ‘sort_tips.r’ ‘tips.r’ ‘validate_rankedPhylo.r’
Flavors: r-devel-linux-x86_64-debian-clang, r-devel-linux-x86_64-debian-gcc, r-devel-linux-x86_64-fedora-clang, r-devel-linux-x86_64-fedora-gcc, r-devel-windows-x86_64, r-patched-linux-x86_64, r-release-linux-x86_64, r-release-macos-arm64, r-release-macos-x86_64, r-release-windows-x86_64