Last updated on 2025-07-13 04:49:01 CEST.
Flavor | Version | Tinstall | Tcheck | Ttotal | Status | Flags |
---|---|---|---|---|---|---|
r-devel-linux-x86_64-debian-clang | 0.2.8 | 6.25 | 36.83 | 43.08 | NOTE | |
r-devel-linux-x86_64-debian-gcc | 0.2.8 | 4.95 | 27.60 | 32.55 | NOTE | |
r-devel-linux-x86_64-fedora-clang | 0.2.8 | 66.93 | OK | |||
r-devel-linux-x86_64-fedora-gcc | 0.2.8 | 65.36 | OK | |||
r-devel-windows-x86_64 | 0.2.8 | 12.00 | 55.00 | 67.00 | OK | |
r-patched-linux-x86_64 | 0.2.8 | 6.46 | 35.22 | 41.68 | OK | |
r-release-linux-x86_64 | 0.2.8 | 5.50 | 35.09 | 40.59 | OK | |
r-release-macos-arm64 | 0.2.8 | 25.00 | OK | |||
r-release-macos-x86_64 | 0.2.8 | 60.00 | OK | |||
r-release-windows-x86_64 | 0.2.8 | 10.00 | 62.00 | 72.00 | OK | |
r-oldrel-macos-arm64 | 0.2.8 | 24.00 | OK | |||
r-oldrel-macos-x86_64 | 0.2.8 | 33.00 | OK | |||
r-oldrel-windows-x86_64 | 0.2.8 | 12.00 | 62.00 | 74.00 | OK |
Version: 0.2.8
Check: CRAN incoming feasibility
Result: NOTE
Maintainer: ‘Mark van der Loo <mark.vanderloo@gmail.com>’
No Authors@R field in DESCRIPTION.
Please add one, modifying
Authors@R: person(given = "Mark",
family = "van der Loo",
role = c("aut", "cre"),
email = "mark.vanderloo@gmail.com")
as necessary.
Flavors: r-devel-linux-x86_64-debian-clang, r-devel-linux-x86_64-debian-gcc