CRAN Package Check Results for Package rsparkling

Last updated on 2025-07-13 04:49:01 CEST.

Flavor Version Tinstall Tcheck Ttotal Status Flags
r-devel-linux-x86_64-debian-clang 0.2.19 6.21 38.89 45.10 OK
r-devel-linux-x86_64-debian-gcc 0.2.19 4.62 28.59 33.21 OK
r-devel-linux-x86_64-fedora-clang 0.2.19 70.00 NOTE
r-devel-linux-x86_64-fedora-gcc 0.2.19 67.31 NOTE
r-devel-windows-x86_64 0.2.19 7.00 43.00 50.00 OK
r-patched-linux-x86_64 0.2.19 5.38 36.83 42.21 OK
r-release-linux-x86_64 0.2.19 5.20 36.36 41.56 OK
r-release-macos-arm64 0.2.19 22.00 OK
r-release-macos-x86_64 0.2.19 43.00 OK
r-release-windows-x86_64 0.2.19 8.00 46.00 54.00 OK
r-oldrel-macos-arm64 0.2.19 26.00 NOTE
r-oldrel-macos-x86_64 0.2.19 32.00 NOTE
r-oldrel-windows-x86_64 0.2.19 10.00 56.00 66.00 NOTE

Check Details

Version: 0.2.19
Check: dependencies in R code
Result: NOTE Namespace in Imports field not imported from: ‘h2o’ All declared Imports should be used. Flavors: r-devel-linux-x86_64-fedora-clang, r-devel-linux-x86_64-fedora-gcc

Version: 0.2.19
Check: LazyData
Result: NOTE 'LazyData' is specified without a 'data' directory Flavors: r-oldrel-macos-arm64, r-oldrel-macos-x86_64, r-oldrel-windows-x86_64