Last updated on 2025-07-12 22:49:22 CEST.
Flavor | Version | Tinstall | Tcheck | Ttotal | Status | Flags |
---|---|---|---|---|---|---|
r-devel-linux-x86_64-debian-clang | 1.0.1 | 8.40 | 55.92 | 64.32 | NOTE | |
r-devel-linux-x86_64-debian-gcc | 1.0.1 | 5.48 | 41.53 | 47.01 | NOTE | |
r-devel-linux-x86_64-fedora-clang | 1.0.1 | 97.22 | NOTE | |||
r-devel-linux-x86_64-fedora-gcc | 1.0.1 | 97.89 | NOTE | |||
r-devel-windows-x86_64 | 1.0.1 | 10.00 | 71.00 | 81.00 | NOTE | |
r-patched-linux-x86_64 | 1.0.1 | 8.36 | 51.32 | 59.68 | NOTE | |
r-release-linux-x86_64 | 1.0.1 | 7.12 | 51.09 | 58.21 | NOTE | |
r-release-macos-arm64 | 1.0.1 | 32.00 | NOTE | |||
r-release-macos-x86_64 | 1.0.1 | 59.00 | NOTE | |||
r-release-windows-x86_64 | 1.0.1 | 10.00 | 74.00 | 84.00 | NOTE | |
r-oldrel-macos-arm64 | 1.0.1 | 31.00 | OK | |||
r-oldrel-macos-x86_64 | 1.0.1 | 79.00 | OK | |||
r-oldrel-windows-x86_64 | 1.0.1 | 11.00 | 81.00 | 92.00 | OK |
Version: 1.0.1
Check: DESCRIPTION meta-information
Result: NOTE
Missing dependency on R >= 4.1.0 because package code uses the pipe
|> or function shorthand \(...) syntax added in R 4.1.0.
File(s) using such syntax:
‘geom-funs.R’
Flavors: r-devel-linux-x86_64-debian-clang, r-devel-linux-x86_64-debian-gcc, r-devel-linux-x86_64-fedora-clang, r-devel-linux-x86_64-fedora-gcc, r-devel-windows-x86_64, r-patched-linux-x86_64, r-release-linux-x86_64, r-release-macos-arm64, r-release-macos-x86_64, r-release-windows-x86_64