Last updated on 2025-07-12 22:49:22 CEST.
Flavor | Version | Tinstall | Tcheck | Ttotal | Status | Flags |
---|---|---|---|---|---|---|
r-devel-linux-x86_64-debian-clang | 0.11-5 | 21.04 | 340.64 | 361.68 | NOTE | |
r-devel-linux-x86_64-debian-gcc | 0.11-5 | 14.13 | 196.74 | 210.87 | NOTE | |
r-devel-linux-x86_64-fedora-clang | 0.11-5 | 580.45 | NOTE | |||
r-devel-linux-x86_64-fedora-gcc | 0.11-5 | 569.34 | NOTE | |||
r-devel-windows-x86_64 | 0.11-5 | 25.00 | 278.00 | 303.00 | NOTE | |
r-patched-linux-x86_64 | 0.11-5 | 21.90 | 321.20 | 343.10 | NOTE | |
r-release-linux-x86_64 | 0.11-5 | 21.21 | 318.38 | 339.59 | NOTE | |
r-release-macos-arm64 | 0.11-5 | 201.00 | NOTE | |||
r-release-macos-x86_64 | 0.11-5 | 379.00 | NOTE | |||
r-release-windows-x86_64 | 0.11-5 | 24.00 | 300.00 | 324.00 | NOTE | |
r-oldrel-macos-arm64 | 0.11-5 | 132.00 | NOTE | |||
r-oldrel-macos-x86_64 | 0.11-5 | 217.00 | NOTE | |||
r-oldrel-windows-x86_64 | 0.11-5 | 30.00 | 398.00 | 428.00 | NOTE |
Version: 0.11-5
Check: Rd files
Result: NOTE
checkRd: (-1) LBA-race.Rd:157: Lost braces
157 | corresponding (and not first) accumulator winning see /code{/link{LBA}}.
| ^
checkRd: (-1) LBA-race.Rd:157: Lost braces
157 | corresponding (and not first) accumulator winning see /code{/link{LBA}}.
| ^
Flavors: r-devel-linux-x86_64-debian-clang, r-devel-linux-x86_64-debian-gcc, r-devel-linux-x86_64-fedora-clang, r-devel-linux-x86_64-fedora-gcc, r-devel-windows-x86_64, r-patched-linux-x86_64, r-release-linux-x86_64, r-release-macos-arm64, r-release-macos-x86_64, r-release-windows-x86_64, r-oldrel-macos-arm64, r-oldrel-macos-x86_64, r-oldrel-windows-x86_64