CRAN Package Check Results for Package saasCNV

Last updated on 2025-07-13 10:48:32 CEST.

Flavor Version Tinstall Tcheck Ttotal Status Flags
r-devel-linux-x86_64-debian-clang 0.3.4 4.66 37.93 42.59 NOTE
r-devel-linux-x86_64-debian-gcc 0.3.4 3.06 28.65 31.71 NOTE
r-devel-linux-x86_64-fedora-clang 0.3.4 63.83 OK
r-devel-linux-x86_64-fedora-gcc 0.3.4 62.10 OK
r-devel-windows-x86_64 0.3.4 6.00 65.00 71.00 OK
r-patched-linux-x86_64 0.3.4 5.04 35.87 40.91 OK
r-release-linux-x86_64 0.3.4 4.97 35.60 40.57 OK
r-release-macos-arm64 0.3.4 24.00 OK
r-release-macos-x86_64 0.3.4 45.00 OK
r-release-windows-x86_64 0.3.4 5.00 70.00 75.00 OK
r-oldrel-macos-arm64 0.3.4 23.00 OK
r-oldrel-macos-x86_64 0.3.4 44.00 OK
r-oldrel-windows-x86_64 0.3.4 5.00 72.00 77.00 OK

Check Details

Version: 0.3.4
Check: CRAN incoming feasibility
Result: NOTE Maintainer: ‘Zhongyang Zhang <zhongyang.zhang@mssm.edu>’ No Authors@R field in DESCRIPTION. Please add one, modifying Authors@R: c(person(given = "Zhongyang", family = "Zhang", role = c("aut", "cre"), email = "zhongyang.zhang@mssm.edu"), person(given = "Ke", family = "Hao", role = "aut"), person(given = c("Nancy", "R."), family = "Zhang", role = "ctb")) as necessary. Flavors: r-devel-linux-x86_64-debian-clang, r-devel-linux-x86_64-debian-gcc