Last updated on 2025-07-13 04:49:01 CEST.
Flavor | Version | Tinstall | Tcheck | Ttotal | Status | Flags |
---|---|---|---|---|---|---|
r-devel-linux-x86_64-debian-clang | 0.4.3 | 34.00 | 324.39 | 358.39 | NOTE | |
r-devel-linux-x86_64-debian-gcc | 0.4.3 | 20.77 | 208.68 | 229.45 | NOTE | |
r-devel-linux-x86_64-fedora-clang | 0.4.3 | 555.95 | OK | |||
r-devel-linux-x86_64-fedora-gcc | 0.4.3 | 570.95 | OK | |||
r-devel-windows-x86_64 | 0.4.3 | 29.00 | 248.00 | 277.00 | OK | |
r-patched-linux-x86_64 | 0.4.3 | 30.69 | 309.02 | 339.71 | OK | |
r-release-linux-x86_64 | 0.4.3 | 26.74 | 305.77 | 332.51 | OK | |
r-release-macos-arm64 | 0.4.3 | 142.00 | OK | |||
r-release-macos-x86_64 | 0.4.3 | 311.00 | OK | |||
r-release-windows-x86_64 | 0.4.3 | 28.00 | 257.00 | 285.00 | OK | |
r-oldrel-macos-arm64 | 0.4.3 | 127.00 | OK | |||
r-oldrel-macos-x86_64 | 0.4.3 | 286.00 | OK | |||
r-oldrel-windows-x86_64 | 0.4.3 | 40.00 | 346.00 | 386.00 | OK |
Version: 0.4.3
Check: CRAN incoming feasibility
Result: NOTE
Maintainer: ‘Jakub Nowosad <nowosad.jakub@gmail.com>’
Package CITATION file contains call(s) to old-style citEntry(). Please
use bibentry() instead.
Flavors: r-devel-linux-x86_64-debian-clang, r-devel-linux-x86_64-debian-gcc