CRAN Package Check Results for Package safetyCharts

Last updated on 2025-07-13 04:49:01 CEST.

Flavor Version Tinstall Tcheck Ttotal Status Flags
r-devel-linux-x86_64-debian-clang 0.3.0 8.61 75.04 83.65 NOTE
r-devel-linux-x86_64-debian-gcc 0.3.0 5.84 52.36 58.20 NOTE
r-devel-linux-x86_64-fedora-clang 0.3.0 126.88 NOTE
r-devel-linux-x86_64-fedora-gcc 0.3.0 128.37 NOTE
r-devel-windows-x86_64 0.3.0 10.00 85.00 95.00 NOTE
r-patched-linux-x86_64 0.3.0 8.86 69.98 78.84 NOTE
r-release-linux-x86_64 0.3.0 7.96 70.32 78.28 NOTE
r-release-macos-arm64 0.3.0 39.00 NOTE
r-release-macos-x86_64 0.3.0 64.00 NOTE
r-release-windows-x86_64 0.3.0 10.00 90.00 100.00 NOTE
r-oldrel-macos-arm64 0.3.0 39.00 NOTE
r-oldrel-macos-x86_64 0.3.0 64.00 NOTE
r-oldrel-windows-x86_64 0.3.0 15.00 105.00 120.00 NOTE

Check Details

Version: 0.3.0
Check: Rd files
Result: NOTE checkRd: (-1) QT_Outlier_Explorer.Rd:24: Lost braces in \itemize; meant \describe ? checkRd: (-1) QT_Outlier_Explorer.Rd:25: Lost braces in \itemize; meant \describe ? checkRd: (-1) QT_Outlier_Explorer.Rd:26: Lost braces in \itemize; meant \describe ? checkRd: (-1) QT_Outlier_Explorer.Rd:27: Lost braces in \itemize; meant \describe ? checkRd: (-1) QT_Outlier_Explorer.Rd:28: Lost braces in \itemize; meant \describe ? checkRd: (-1) QT_Outlier_Explorer.Rd:29: Lost braces in \itemize; meant \describe ? checkRd: (-1) QT_Outlier_Explorer.Rd:30: Lost braces in \itemize; meant \describe ? checkRd: (-1) QT_Outlier_Explorer.Rd:31: Lost braces in \itemize; meant \describe ? checkRd: (-1) safety_outlier_explorer.Rd:24: Lost braces in \itemize; meant \describe ? checkRd: (-1) safety_outlier_explorer.Rd:25: Lost braces in \itemize; meant \describe ? checkRd: (-1) safety_outlier_explorer.Rd:26: Lost braces in \itemize; meant \describe ? checkRd: (-1) safety_outlier_explorer.Rd:27: Lost braces in \itemize; meant \describe ? checkRd: (-1) safety_outlier_explorer.Rd:28: Lost braces in \itemize; meant \describe ? checkRd: (-1) safety_results_over_time.Rd:24: Lost braces in \itemize; meant \describe ? checkRd: (-1) safety_results_over_time.Rd:25: Lost braces in \itemize; meant \describe ? checkRd: (-1) safety_results_over_time.Rd:26: Lost braces in \itemize; meant \describe ? checkRd: (-1) safety_results_over_time.Rd:27: Lost braces in \itemize; meant \describe ? checkRd: (-1) safety_results_over_time.Rd:28: Lost braces in \itemize; meant \describe ? checkRd: (-1) safety_results_over_time.Rd:29: Lost braces in \itemize; meant \describe ? checkRd: (-1) safety_results_over_time.Rd:30: Lost braces in \itemize; meant \describe ? checkRd: (-1) safety_results_over_time.Rd:31: Lost braces in \itemize; meant \describe ? checkRd: (-1) safety_results_over_time.Rd:32: Lost braces in \itemize; meant \describe ? checkRd: (-1) safety_results_over_time.Rd:33: Lost braces in \itemize; meant \describe ? checkRd: (-1) tendril_chart.Rd:18: Lost braces 18 | Create a plot using the {{Tendril}} package | ^ checkRd: (-1) tendril_chart.Rd:24: Lost braces in \itemize; meant \describe ? checkRd: (-1) tendril_chart.Rd:25: Lost braces in \itemize; meant \describe ? checkRd: (-1) tendril_chart.Rd:26: Lost braces in \itemize; meant \describe ? checkRd: (-1) tendril_chart.Rd:27: Lost braces in \itemize; meant \describe ? checkRd: (-1) tendril_chart.Rd:28: Lost braces in \itemize; meant \describe ? checkRd: (-1) tendril_chart.Rd:29: Lost braces in \itemize; meant \describe ? checkRd: (-1) tendril_chart.Rd:30: Lost braces in \itemize; meant \describe ? Flavors: r-devel-linux-x86_64-debian-clang, r-devel-linux-x86_64-debian-gcc, r-devel-linux-x86_64-fedora-clang, r-devel-linux-x86_64-fedora-gcc, r-devel-windows-x86_64, r-patched-linux-x86_64, r-release-linux-x86_64, r-release-macos-arm64, r-release-macos-x86_64, r-release-windows-x86_64, r-oldrel-macos-arm64, r-oldrel-macos-x86_64, r-oldrel-windows-x86_64