Last updated on 2025-11-05 03:50:24 CET.
| Flavor | Version | Tinstall | Tcheck | Ttotal | Status | Flags |
|---|---|---|---|---|---|---|
| r-devel-linux-x86_64-debian-clang | 1.7.2 | 55.15 | 421.20 | 476.35 | OK | |
| r-devel-linux-x86_64-debian-gcc | 1.7.2 | 40.30 | 295.76 | 336.06 | OK | |
| r-devel-linux-x86_64-fedora-clang | 1.7.2 | 269.00 | 551.27 | 820.27 | OK | |
| r-devel-linux-x86_64-fedora-gcc | 1.7.2 | 120.00 | 626.64 | 746.64 | OK | |
| r-devel-windows-x86_64 | 1.7.2 | 57.00 | 349.00 | 406.00 | OK | |
| r-patched-linux-x86_64 | 1.7.2 | 0.34 | 2.05 | 2.39 | ERROR | |
| r-release-linux-x86_64 | 1.7.2 | 57.28 | 401.69 | 458.97 | OK | |
| r-release-macos-arm64 | 1.7.2 | 24.00 | 144.00 | 168.00 | OK | |
| r-release-macos-x86_64 | 1.7.2 | 71.00 | 255.00 | 326.00 | OK | |
| r-release-windows-x86_64 | 1.7.2 | 58.00 | 342.00 | 400.00 | OK | |
| r-oldrel-macos-arm64 | 1.7.2 | 26.00 | 158.00 | 184.00 | OK | |
| r-oldrel-macos-x86_64 | 1.7.2 | 86.00 | 288.00 | 374.00 | OK | |
| r-oldrel-windows-x86_64 | 1.7.2 | 87.00 | 472.00 | 559.00 | OK |
Version: 1.7.2
Check: package dependencies
Result: ERROR
Package required but not available: ‘UCell’
See section ‘The DESCRIPTION file’ in the ‘Writing R Extensions’
manual.
Flavor: r-patched-linux-x86_64