Last updated on 2025-07-13 04:49:01 CEST.
Flavor | Version | Tinstall | Tcheck | Ttotal | Status | Flags |
---|---|---|---|---|---|---|
r-devel-linux-x86_64-debian-clang | 0.2.0.0 | 66.73 | 595.21 | 661.94 | OK | |
r-devel-linux-x86_64-debian-gcc | 0.2.0.0 | 48.16 | 428.85 | 477.01 | OK | |
r-devel-linux-x86_64-fedora-clang | 0.2.0.0 | 1093.42 | OK | |||
r-devel-linux-x86_64-fedora-gcc | 0.2.0.0 | 1013.03 | OK | |||
r-devel-windows-x86_64 | 0.2.0.0 | 68.00 | 470.00 | 538.00 | OK | |
r-patched-linux-x86_64 | 0.2.0.0 | 65.49 | 565.70 | 631.19 | OK | |
r-release-linux-x86_64 | 0.2.0.0 | 67.42 | 569.29 | 636.71 | OK | |
r-release-macos-arm64 | 0.2.0.0 | 5.00 | ERROR | |||
r-release-macos-x86_64 | 0.2.0.0 | 7.00 | ERROR | |||
r-release-windows-x86_64 | 0.2.0.0 | 71.00 | 477.00 | 548.00 | OK | |
r-oldrel-macos-arm64 | 0.2.0.0 | 14.00 | ERROR | |||
r-oldrel-macos-x86_64 | 0.2.0.0 | 12.00 | ERROR | |||
r-oldrel-windows-x86_64 | 0.2.0.0 | 93.00 | 629.00 | 722.00 | NOTE |
Version: 0.2.0.0
Check: package dependencies
Result: ERROR
Packages required but not available: 'ReactomeGSA', 'celldex', 'SingleR'
See section ‘The DESCRIPTION file’ in the ‘Writing R Extensions’
manual.
Flavors: r-release-macos-arm64, r-release-macos-x86_64
Version: 0.2.0.0
Check: package dependencies
Result: ERROR
Packages required but not available: 'ReactomeGSA', 'celldex'
See section ‘The DESCRIPTION file’ in the ‘Writing R Extensions’
manual.
Flavors: r-oldrel-macos-arm64, r-oldrel-macos-x86_64
Version: 0.2.0.0
Check: installed package size
Result: NOTE
installed size is 16.8Mb
sub-directories of 1Mb or more:
extdata 16.7Mb
Flavor: r-oldrel-windows-x86_64