Last updated on 2025-07-12 22:49:22 CEST.
Flavor | Version | Tinstall | Tcheck | Ttotal | Status | Flags |
---|---|---|---|---|---|---|
r-devel-linux-x86_64-debian-clang | 1.1.3 | 46.76 | 223.82 | 270.58 | OK | |
r-devel-linux-x86_64-debian-gcc | 1.1.3 | 32.66 | 143.29 | 175.95 | OK | |
r-devel-linux-x86_64-fedora-clang | 1.1.3 | 460.74 | OK | |||
r-devel-linux-x86_64-fedora-gcc | 1.1.3 | 454.10 | OK | |||
r-devel-windows-x86_64 | 1.1.3 | 53.00 | 287.00 | 340.00 | OK | |
r-patched-linux-x86_64 | 1.1.3 | 50.25 | 211.36 | 261.61 | OK | |
r-release-linux-x86_64 | 1.1.3 | 47.73 | 211.11 | 258.84 | OK | |
r-release-macos-arm64 | 1.1.3 | 135.00 | OK | |||
r-release-macos-x86_64 | 1.1.3 | 238.00 | OK | |||
r-release-windows-x86_64 | 1.1.3 | 53.00 | 298.00 | 351.00 | OK | |
r-oldrel-macos-arm64 | 1.1.3 | 131.00 | NOTE | |||
r-oldrel-macos-x86_64 | 1.1.3 | 255.00 | NOTE | |||
r-oldrel-windows-x86_64 | 1.1.3 | 65.00 | 356.00 | 421.00 | OK |
Version: 1.1.3
Check: installed package size
Result: NOTE
installed size is 6.1Mb
sub-directories of 1Mb or more:
libs 3.9Mb
Flavors: r-oldrel-macos-arm64, r-oldrel-macos-x86_64