CRAN Package Check Results for Package sdtmval

Last updated on 2025-07-13 04:49:01 CEST.

Flavor Version Tinstall Tcheck Ttotal Status Flags
r-devel-linux-x86_64-debian-clang 0.4.1 3.14 40.80 43.94 NOTE
r-devel-linux-x86_64-debian-gcc 0.4.1 2.26 31.45 33.71 NOTE
r-devel-linux-x86_64-fedora-clang 0.4.1 67.57 NOTE
r-devel-linux-x86_64-fedora-gcc 0.4.1 76.75 NOTE
r-devel-windows-x86_64 0.4.1 4.00 69.00 73.00 NOTE
r-patched-linux-x86_64 0.4.1 3.21 37.06 40.27 NOTE
r-release-linux-x86_64 0.4.1 2.59 37.13 39.72 NOTE
r-release-macos-arm64 0.4.1 37.00 NOTE
r-release-macos-x86_64 0.4.1 53.00 OK
r-release-windows-x86_64 0.4.1 4.00 71.00 75.00 NOTE
r-oldrel-macos-arm64 0.4.1 32.00 OK
r-oldrel-macos-x86_64 0.4.1 48.00 OK
r-oldrel-windows-x86_64 0.4.1 5.00 77.00 82.00 OK

Check Details

Version: 0.4.1
Check: DESCRIPTION meta-information
Result: NOTE Missing dependency on R >= 4.1.0 because package code uses the pipe |> or function shorthand \(...) syntax added in R 4.1.0. File(s) using such syntax: ‘assign_meta_data.Rd’ Flavors: r-devel-linux-x86_64-debian-clang, r-devel-linux-x86_64-debian-gcc, r-devel-linux-x86_64-fedora-clang, r-devel-linux-x86_64-fedora-gcc, r-devel-windows-x86_64, r-patched-linux-x86_64, r-release-linux-x86_64, r-release-macos-arm64, r-release-windows-x86_64