Last updated on 2025-07-13 04:49:01 CEST.
Flavor | Version | Tinstall | Tcheck | Ttotal | Status | Flags |
---|---|---|---|---|---|---|
r-devel-linux-x86_64-debian-clang | 2.2.3 | 13.47 | 143.36 | 156.83 | NOTE | |
r-devel-linux-x86_64-debian-gcc | 2.2.3 | 8.51 | 103.79 | 112.30 | NOTE | |
r-devel-linux-x86_64-fedora-clang | 2.2.3 | 238.16 | OK | |||
r-devel-linux-x86_64-fedora-gcc | 2.2.3 | 264.21 | OK | |||
r-devel-windows-x86_64 | 2.2.3 | 15.00 | 206.00 | 221.00 | NOTE | |
r-patched-linux-x86_64 | 2.2.3 | 17.79 | 137.04 | 154.83 | NOTE | |
r-release-linux-x86_64 | 2.2.3 | 12.52 | 136.93 | 149.45 | NOTE | |
r-release-macos-arm64 | 2.2.3 | 72.00 | OK | |||
r-release-macos-x86_64 | 2.2.3 | 152.00 | OK | |||
r-release-windows-x86_64 | 2.2.3 | 14.00 | 218.00 | 232.00 | NOTE | |
r-oldrel-macos-arm64 | 2.2.3 | 72.00 | OK | |||
r-oldrel-macos-x86_64 | 2.2.3 | 171.00 | OK | |||
r-oldrel-windows-x86_64 | 2.2.3 | 19.00 | 234.00 | 253.00 | OK |
Version: 2.2.3
Check: Rd cross-references
Result: NOTE
Found the following Rd file(s) with Rd \link{} targets missing package
anchors:
noisew.Rd: pulse
synth.Rd: pulse
synth2.Rd: pulse
Please provide package anchors for all Rd \link{} targets not in the
package itself and the base packages.
Flavors: r-devel-linux-x86_64-debian-clang, r-devel-linux-x86_64-debian-gcc, r-devel-windows-x86_64, r-patched-linux-x86_64, r-release-linux-x86_64, r-release-windows-x86_64