CRAN Package Check Results for Package segen

Last updated on 2025-07-13 04:49:01 CEST.

Flavor Version Tinstall Tcheck Ttotal Status Flags
r-devel-linux-x86_64-debian-clang 1.1.0 12.04 100.96 113.00 NOTE
r-devel-linux-x86_64-debian-gcc 1.1.0 9.45 72.15 81.60 NOTE
r-devel-linux-x86_64-fedora-clang 1.1.0 174.68 OK
r-devel-linux-x86_64-fedora-gcc 1.1.0 163.49 OK
r-devel-windows-x86_64 1.1.0 13.00 98.00 111.00 OK
r-patched-linux-x86_64 1.1.0 11.90 96.89 108.79 OK
r-release-linux-x86_64 1.1.0 9.48 96.96 106.44 OK
r-release-macos-arm64 1.1.0 48.00 OK
r-release-macos-x86_64 1.1.0 81.00 OK
r-release-windows-x86_64 1.1.0 14.00 104.00 118.00 OK
r-oldrel-macos-arm64 1.1.0 47.00 OK
r-oldrel-macos-x86_64 1.1.0 71.00 OK
r-oldrel-windows-x86_64 1.1.0 18.00 127.00 145.00 OK

Check Details

Version: 1.1.0
Check: CRAN incoming feasibility
Result: NOTE Maintainer: ‘Giancarlo Vercellino <giancarlo.vercellino@gmail.com>’ No Authors@R field in DESCRIPTION. Please add one, modifying Authors@R: person(given = "Giancarlo", family = "Vercellino", role = c("aut", "cre"), email = "giancarlo.vercellino@gmail.com") as necessary. Flavors: r-devel-linux-x86_64-debian-clang, r-devel-linux-x86_64-debian-gcc