Last updated on 2025-11-05 09:52:38 CET.
| Flavor | Version | Tinstall | Tcheck | Ttotal | Status | Flags |
|---|---|---|---|---|---|---|
| r-devel-linux-x86_64-debian-clang | 0.2.0 | 10.49 | 53.97 | 64.46 | NOTE | --no-vignettes |
| r-devel-linux-x86_64-debian-gcc | 0.2.0 | 7.25 | 38.33 | 45.58 | NOTE | --no-vignettes |
| r-devel-linux-x86_64-fedora-clang | 0.2.0 | 22.00 | 567.23 | 589.23 | OK | |
| r-devel-linux-x86_64-fedora-gcc | 0.2.0 | 25.00 | 559.39 | 584.39 | OK | |
| r-devel-windows-x86_64 | 0.2.0 | 15.00 | 332.00 | 347.00 | OK | |
| r-patched-linux-x86_64 | 0.2.0 | 10.38 | 50.44 | 60.82 | OK | --no-vignettes |
| r-release-linux-x86_64 | 0.2.0 | 10.42 | 49.81 | 60.23 | OK | --no-vignettes |
| r-release-macos-arm64 | 0.2.0 | 7.00 | 197.00 | 204.00 | OK | |
| r-release-macos-x86_64 | 0.2.0 | 8.00 | 390.00 | 398.00 | OK | |
| r-release-windows-x86_64 | 0.2.0 | 15.00 | 340.00 | 355.00 | OK | |
| r-oldrel-macos-arm64 | 0.2.0 | 7.00 | 184.00 | 191.00 | OK | |
| r-oldrel-macos-x86_64 | 0.2.0 | 8.00 | 380.00 | 388.00 | OK | |
| r-oldrel-windows-x86_64 | 0.2.0 | 17.00 | 520.00 | 537.00 | OK |
Version: 0.2.0
Flags: --no-vignettes
Check: CRAN incoming feasibility
Result: NOTE
Maintainer: ‘Thales Mello <thalesmello@gmail.com>’
The Description field contains
Leonardi (2018) <arXiv:1501.01756>. The Berlin weather sample dataset
Please refer to arXiv e-prints via their arXiv DOI <doi:10.48550/arXiv.YYMM.NNNNN>.
Flavors: r-devel-linux-x86_64-debian-clang, r-devel-linux-x86_64-debian-gcc