CRAN Package Check Results for Package sejmRP

Last updated on 2025-07-13 04:49:01 CEST.

Flavor Version Tinstall Tcheck Ttotal Status Flags
r-devel-linux-x86_64-debian-clang 1.3.4 6.89 57.02 63.91 OK
r-devel-linux-x86_64-debian-gcc 1.3.4 4.26 42.03 46.29 OK
r-devel-linux-x86_64-fedora-clang 1.3.4 99.27 NOTE
r-devel-linux-x86_64-fedora-gcc 1.3.4 104.44 NOTE
r-devel-windows-x86_64 1.3.4 10.00 76.00 86.00 OK
r-patched-linux-x86_64 1.3.4 7.49 53.27 60.76 OK
r-release-linux-x86_64 1.3.4 6.92 54.39 61.31 OK
r-release-macos-arm64 1.3.4 32.00 OK
r-release-macos-x86_64 1.3.4 53.00 OK
r-release-windows-x86_64 1.3.4 10.00 81.00 91.00 OK
r-oldrel-macos-arm64 1.3.4 29.00 NOTE
r-oldrel-macos-x86_64 1.3.4 43.00 NOTE
r-oldrel-windows-x86_64 1.3.4 12.00 91.00 103.00 NOTE

Check Details

Version: 1.3.4
Check: dependencies in R code
Result: NOTE Namespaces in Imports field not imported from: ‘cluster’ ‘factoextra’ ‘tidyr’ All declared Imports should be used. Flavors: r-devel-linux-x86_64-fedora-clang, r-devel-linux-x86_64-fedora-gcc

Version: 1.3.4
Check: LazyData
Result: NOTE 'LazyData' is specified without a 'data' directory Flavors: r-oldrel-macos-arm64, r-oldrel-macos-x86_64, r-oldrel-windows-x86_64