Last updated on 2024-06-19 20:58:41 CEST.
Flavor | Version | Tinstall | Tcheck | Ttotal | Status | Flags |
---|---|---|---|---|---|---|
r-devel-linux-x86_64-debian-clang | 1.0.0 | 11.02 | 79.32 | 90.34 | NOTE | |
r-devel-linux-x86_64-debian-gcc | 1.0.0 | 7.37 | 61.26 | 68.63 | NOTE | |
r-devel-linux-x86_64-fedora-clang | 1.1.0 | 12.98 | FAIL | |||
r-devel-linux-x86_64-fedora-gcc | 1.1.0 | 108.86 | OK | |||
r-devel-windows-x86_64 | 1.0.0 | 11.00 | 75.00 | 86.00 | NOTE | |
r-patched-linux-x86_64 | 1.0.0 | 8.42 | 77.92 | 86.34 | NOTE | |
r-release-linux-x86_64 | 1.0.0 | 6.34 | 78.32 | 84.66 | NOTE | |
r-release-macos-arm64 | 1.0.0 | 38.00 | OK | |||
r-release-macos-x86_64 | 1.1.0 | 81.00 | OK | |||
r-release-windows-x86_64 | 1.0.0 | 12.00 | 75.00 | 87.00 | OK | |
r-oldrel-macos-arm64 | 1.0.0 | 35.00 | OK | |||
r-oldrel-macos-x86_64 | 1.1.0 | 12.00 | ERROR | |||
r-oldrel-windows-x86_64 | 1.0.0 | 13.00 | 91.00 | 104.00 | NOTE |
Version: 1.0.0
Check: R code for possible problems
Result: NOTE
sense: no visible binding for global variable ‘ParamDbl’
sense: no visible binding for global variable ‘ParamInt’
sense: no visible binding for global variable ‘ParamFct’
Undefined global functions or variables:
ParamDbl ParamFct ParamInt
Flavors: r-devel-linux-x86_64-debian-clang, r-devel-linux-x86_64-debian-gcc, r-devel-windows-x86_64, r-patched-linux-x86_64, r-release-linux-x86_64, r-oldrel-windows-x86_64
Version: 1.1.0
Check: package dependencies
Result: FAIL
Flavor: r-devel-linux-x86_64-fedora-clang
Version: 1.1.0
Check: package dependencies
Result: ERROR
Package required and available but unsuitable version: ‘paradox’
See section ‘The DESCRIPTION file’ in the ‘Writing R Extensions’
manual.
Flavor: r-oldrel-macos-x86_64