Last updated on 2025-07-13 04:49:02 CEST.
Flavor | Version | Tinstall | Tcheck | Ttotal | Status | Flags |
---|---|---|---|---|---|---|
r-devel-linux-x86_64-debian-clang | 0.7.4 | 54.22 | 405.10 | 459.32 | OK | |
r-devel-linux-x86_64-debian-gcc | 0.7.4 | 37.27 | 336.29 | 373.56 | OK | |
r-devel-linux-x86_64-fedora-clang | 0.7.4 | 693.19 | OK | |||
r-devel-linux-x86_64-fedora-gcc | 0.7.4 | 661.04 | OK | |||
r-devel-windows-x86_64 | 0.7.4 | 61.00 | 352.00 | 413.00 | OK | |
r-patched-linux-x86_64 | 0.7.4 | 56.49 | 378.80 | 435.29 | OK | |
r-release-linux-x86_64 | 0.7.4 | 55.14 | 374.20 | 429.34 | OK | |
r-release-macos-arm64 | 0.7.4 | 216.00 | OK | |||
r-release-macos-x86_64 | 0.7.4 | 365.00 | OK | |||
r-release-windows-x86_64 | 0.7.4 | 62.00 | 351.00 | 413.00 | OK | |
r-oldrel-macos-arm64 | 0.7.4 | 190.00 | NOTE | |||
r-oldrel-macos-x86_64 | 0.7.4 | 347.00 | NOTE | |||
r-oldrel-windows-x86_64 | 0.7.4 | 80.00 | 438.00 | 518.00 | OK |
Version: 0.7.4
Check: installed package size
Result: NOTE
installed size is 6.5Mb
sub-directories of 1Mb or more:
data 1.2Mb
libs 4.4Mb
Flavors: r-oldrel-macos-arm64, r-oldrel-macos-x86_64