CRAN Package Check Results for Package sfcentral

Last updated on 2025-07-13 04:49:02 CEST.

Flavor Version Tinstall Tcheck Ttotal Status Flags
r-devel-linux-x86_64-debian-clang 0.1.0 9.23 80.89 90.12 NOTE
r-devel-linux-x86_64-debian-gcc 0.1.0 6.39 57.60 63.99 NOTE
r-devel-linux-x86_64-fedora-clang 0.1.0 136.89 NOTE
r-devel-linux-x86_64-fedora-gcc 0.1.0 130.40 NOTE
r-devel-windows-x86_64 0.1.0 10.00 84.00 94.00 NOTE
r-patched-linux-x86_64 0.1.0 9.07 71.20 80.27 NOTE
r-release-linux-x86_64 0.1.0 8.93 71.60 80.53 NOTE
r-release-macos-arm64 0.1.0 38.00 NOTE
r-release-macos-x86_64 0.1.0 66.00 NOTE
r-release-windows-x86_64 0.1.0 11.00 87.00 98.00 NOTE
r-oldrel-macos-arm64 0.1.0 38.00 OK
r-oldrel-macos-x86_64 0.1.0 54.00 OK
r-oldrel-windows-x86_64 0.1.0 12.00 108.00 120.00 OK

Check Details

Version: 0.1.0
Check: DESCRIPTION meta-information
Result: NOTE Missing dependency on R >= 4.1.0 because package code uses the pipe |> or function shorthand \(...) syntax added in R 4.1.0. File(s) using such syntax: ‘sd_box.R’ Flavors: r-devel-linux-x86_64-debian-clang, r-devel-linux-x86_64-debian-gcc, r-devel-linux-x86_64-fedora-clang, r-devel-linux-x86_64-fedora-gcc, r-devel-windows-x86_64, r-patched-linux-x86_64, r-release-linux-x86_64, r-release-macos-arm64, r-release-macos-x86_64, r-release-windows-x86_64

Version: 0.1.0
Check: Rd cross-references
Result: NOTE Found the following Rd file(s) with Rd \link{} targets missing package anchors: sd_distance.Rd: sf Please provide package anchors for all Rd \link{} targets not in the package itself and the base packages. Flavors: r-devel-linux-x86_64-debian-clang, r-devel-linux-x86_64-debian-gcc, r-devel-windows-x86_64, r-patched-linux-x86_64, r-release-linux-x86_64, r-release-windows-x86_64