CRAN Package Check Results for Package sharx

Last updated on 2025-07-13 04:49:02 CEST.

Flavor Version Tinstall Tcheck Ttotal Status Flags
r-devel-linux-x86_64-debian-clang 1.0-6 21.77 133.46 155.23 NOTE
r-devel-linux-x86_64-debian-gcc 1.0-6 18.39 97.75 116.14 NOTE
r-devel-linux-x86_64-fedora-clang 1.0-6 245.10 OK
r-devel-linux-x86_64-fedora-gcc 1.0-6 240.76 OK
r-devel-windows-x86_64 1.0-6 19.00 121.00 140.00 OK
r-patched-linux-x86_64 1.0-6 24.60 129.69 154.29 OK
r-release-linux-x86_64 1.0-6 27.20 129.21 156.41 OK
r-release-macos-arm64 1.0-6 61.00 OK
r-release-macos-x86_64 1.0-6 114.00 OK
r-release-windows-x86_64 1.0-6 20.00 124.00 144.00 OK
r-oldrel-macos-arm64 1.0-6 59.00 OK
r-oldrel-macos-x86_64 1.0-6 86.00 OK
r-oldrel-windows-x86_64 1.0-6 27.00 145.00 172.00 OK

Check Details

Version: 1.0-6
Check: CRAN incoming feasibility
Result: NOTE Maintainer: ‘Peter Solymos <psolymos@gmail.com>’ No Authors@R field in DESCRIPTION. Please add one, modifying Authors@R: person(given = "Peter", family = "Solymos", role = c("aut", "cre"), email = "psolymos@gmail.com") as necessary. Flavors: r-devel-linux-x86_64-debian-clang, r-devel-linux-x86_64-debian-gcc