CRAN Package Check Results for Package shiny.destroy

Last updated on 2025-11-06 15:50:20 CET.

Flavor Version Tinstall Tcheck Ttotal Status Flags
r-devel-linux-x86_64-debian-clang 0.1.0 3.42 40.04 43.46 NOTE
r-devel-linux-x86_64-debian-gcc 0.1.0 2.55 31.35 33.90 NOTE
r-devel-linux-x86_64-fedora-clang 0.1.0 37.00 32.96 69.96 NOTE
r-devel-linux-x86_64-fedora-gcc 0.1.0 27.00 55.83 82.83 NOTE
r-devel-windows-x86_64 0.1.0 6.00 57.00 63.00 NOTE
r-patched-linux-x86_64 0.1.0 3.55 37.35 40.90 NOTE
r-release-linux-x86_64 0.1.0 3.05 37.34 40.39 NOTE
r-release-macos-arm64 0.1.0 2.00 74.00 76.00 NOTE
r-release-macos-x86_64 0.1.0 3.00 118.00 121.00 NOTE
r-release-windows-x86_64 0.1.0 6.00 55.00 61.00 NOTE
r-oldrel-macos-arm64 0.1.0 2.00 50.00 52.00 OK
r-oldrel-macos-x86_64 0.1.0 4.00 98.00 102.00 OK
r-oldrel-windows-x86_64 0.1.0 8.00 69.00 77.00 OK

Check Details

Version: 0.1.0
Check: DESCRIPTION meta-information
Result: NOTE Missing dependency on R >= 4.1.0 because package code uses the pipe |> or function shorthand \(...) syntax added in R 4.1.0. File(s) using such syntax: ‘destroyModule.R’ ‘makeModule.R’ Flavors: r-devel-linux-x86_64-debian-clang, r-devel-linux-x86_64-debian-gcc, r-devel-linux-x86_64-fedora-clang, r-devel-linux-x86_64-fedora-gcc, r-devel-windows-x86_64, r-patched-linux-x86_64, r-release-linux-x86_64, r-release-macos-arm64, r-release-macos-x86_64, r-release-windows-x86_64