CRAN Package Check Results for Package shinyNotes

Last updated on 2025-07-13 04:49:02 CEST.

Flavor Version Tinstall Tcheck Ttotal Status Flags
r-devel-linux-x86_64-debian-clang 0.0.2 3.28 41.35 44.63 NOTE
r-devel-linux-x86_64-debian-gcc 0.0.2 3.13 31.77 34.90 NOTE
r-devel-linux-x86_64-fedora-clang 0.0.2 71.99 OK
r-devel-linux-x86_64-fedora-gcc 0.0.2 81.25 OK
r-devel-windows-x86_64 0.0.2 6.00 68.00 74.00 NOTE
r-patched-linux-x86_64 0.0.2 4.58 38.94 43.52 NOTE
r-release-linux-x86_64 0.0.2 3.21 38.84 42.05 NOTE
r-release-macos-arm64 0.0.2 36.00 OK
r-release-macos-x86_64 0.0.2 54.00 OK
r-release-windows-x86_64 0.0.2 6.00 63.00 69.00 NOTE
r-oldrel-macos-arm64 0.0.2 31.00 OK
r-oldrel-macos-x86_64 0.0.2 45.00 OK
r-oldrel-windows-x86_64 0.0.2 9.00 72.00 81.00 OK

Check Details

Version: 0.0.2
Check: Rd cross-references
Result: NOTE Found the following Rd file(s) with Rd \link{} targets missing package anchors: connect_sqlite.Rd: RSQLite, DBI create_schema.Rd: RSQLite, DBI db.read_table.Rd: DBI, tibble db.write_table.Rd: DBI shinynotes.Rd: DBI Please provide package anchors for all Rd \link{} targets not in the package itself and the base packages. Flavors: r-devel-linux-x86_64-debian-clang, r-devel-linux-x86_64-debian-gcc, r-devel-windows-x86_64, r-patched-linux-x86_64, r-release-linux-x86_64, r-release-windows-x86_64