Last updated on 2024-06-15 19:55:10 CEST.
Flavor | Version | Tinstall | Tcheck | Ttotal | Status | Flags |
---|---|---|---|---|---|---|
r-devel-linux-x86_64-debian-clang | 0.2.1 | 7.45 | 80.36 | 87.81 | NOTE | |
r-devel-linux-x86_64-debian-gcc | 0.2.1 | 5.57 | 58.84 | 64.41 | NOTE | |
r-devel-linux-x86_64-fedora-clang | 0.2.1 | 113.97 | NOTE | |||
r-devel-linux-x86_64-fedora-gcc | 0.2.1 | 115.84 | NOTE | |||
r-devel-windows-x86_64 | 0.2.1 | 7.00 | 78.00 | 85.00 | NOTE | |
r-patched-linux-x86_64 | 0.2.1 | 7.07 | 75.04 | 82.11 | NOTE | |
r-release-linux-x86_64 | 0.2.1 | 6.58 | 76.27 | 82.85 | NOTE | |
r-release-macos-arm64 | 0.2.1 | 38.00 | NOTE | |||
r-release-macos-x86_64 | 0.2.1 | 58.00 | NOTE | |||
r-release-windows-x86_64 | 0.2.1 | 8.00 | 76.00 | 84.00 | NOTE | |
r-oldrel-macos-arm64 | 0.2.1 | 39.00 | OK | |||
r-oldrel-macos-x86_64 | 0.2.1 | 65.00 | OK | |||
r-oldrel-windows-x86_64 | 0.2.1 | 10.00 | 89.00 | 99.00 | OK |
Version: 0.2.1
Check: Rd files
Result: NOTE
checkRd: (-1) store_googledrive.Rd:19: Lost braces; missing escapes or markup?
19 | See the {gargle} package to manage authentication, and especially
| ^
checkRd: (-1) store_googledrive.Rd:20: Lost braces; missing escapes or markup?
20 | \href{https://gargle.r-lib.org/articles/articles/managing-tokens-securely.html}{this vignette from {gargle} package} to manage the process.
| ^
Flavors: r-devel-linux-x86_64-debian-clang, r-devel-linux-x86_64-debian-gcc, r-devel-linux-x86_64-fedora-clang, r-devel-linux-x86_64-fedora-gcc, r-devel-windows-x86_64, r-patched-linux-x86_64, r-release-linux-x86_64, r-release-macos-arm64, r-release-macos-x86_64, r-release-windows-x86_64