Last updated on 2024-06-19 20:58:41 CEST.
Flavor | Version | Tinstall | Tcheck | Ttotal | Status | Flags |
---|---|---|---|---|---|---|
r-devel-linux-x86_64-debian-clang | 0.1.1 | 8.93 | 96.32 | 105.25 | NOTE | |
r-devel-linux-x86_64-debian-gcc | 0.1.1 | 7.03 | 68.19 | 75.22 | NOTE | |
r-devel-linux-x86_64-fedora-clang | 0.1.1 | 129.96 | NOTE | |||
r-devel-linux-x86_64-fedora-gcc | 0.1.1 | 122.30 | NOTE | |||
r-devel-windows-x86_64 | 0.1.1 | 9.00 | 87.00 | 96.00 | NOTE | |
r-patched-linux-x86_64 | 0.1.1 | 9.36 | 90.80 | 100.16 | NOTE | |
r-release-linux-x86_64 | 0.1.1 | 10.64 | 91.19 | 101.83 | NOTE | |
r-release-macos-arm64 | 0.1.1 | 36.00 | NOTE | |||
r-release-macos-x86_64 | 0.1.1 | 55.00 | NOTE | |||
r-release-windows-x86_64 | 0.1.1 | 10.00 | 89.00 | 99.00 | NOTE | |
r-oldrel-macos-arm64 | 0.1.1 | 35.00 | OK | |||
r-oldrel-macos-x86_64 | 0.1.1 | 61.00 | OK | |||
r-oldrel-windows-x86_64 | 0.1.1 | 12.00 | 104.00 | 116.00 | OK |
Version: 0.1.1
Check: Rd files
Result: NOTE
checkRd: (-1) sim_Y_Binary_X.Rd:51: Lost braces
51 | \item \code{dist = "binomial"} is drawn from eqn{Bin(XB, XB(1-XB))}
| ^
Flavors: r-devel-linux-x86_64-debian-clang, r-devel-linux-x86_64-debian-gcc, r-devel-linux-x86_64-fedora-clang, r-devel-linux-x86_64-fedora-gcc, r-devel-windows-x86_64, r-patched-linux-x86_64, r-release-linux-x86_64, r-release-macos-arm64, r-release-macos-x86_64, r-release-windows-x86_64