Last updated on 2024-06-19 20:58:41 CEST.
Flavor | Version | Tinstall | Tcheck | Ttotal | Status | Flags |
---|---|---|---|---|---|---|
r-devel-linux-x86_64-debian-clang | 0.9.0.4 | 131.13 | 116.47 | 247.60 | OK | |
r-devel-linux-x86_64-debian-gcc | 0.9.0.4 | 90.61 | 85.59 | 176.20 | OK | |
r-devel-linux-x86_64-fedora-clang | 0.9.0.4 | 318.35 | NOTE | |||
r-devel-linux-x86_64-fedora-gcc | 0.9.0.4 | 327.46 | OK | |||
r-devel-windows-x86_64 | 0.9.0.4 | 105.00 | 129.00 | 234.00 | NOTE | |
r-patched-linux-x86_64 | 0.9.0.4 | 106.76 | 113.93 | 220.69 | OK | |
r-release-linux-x86_64 | 0.9.0.4 | 111.19 | 113.45 | 224.64 | OK | |
r-release-macos-arm64 | 0.9.0.4 | 67.00 | NOTE | |||
r-release-macos-x86_64 | 0.9.0.4 | 87.00 | NOTE | |||
r-release-windows-x86_64 | 0.9.0.4 | 101.00 | 138.00 | 239.00 | NOTE | |
r-oldrel-macos-arm64 | 0.9.0.4 | 76.00 | NOTE | |||
r-oldrel-macos-x86_64 | 0.9.0.4 | 151.00 | NOTE | |||
r-oldrel-windows-x86_64 | 0.9.0.4 | 126.00 | 165.00 | 291.00 | NOTE |
Version: 0.9.0.4
Check: installed package size
Result: NOTE
installed size is 14.4Mb
sub-directories of 1Mb or more:
extdata 13.1Mb
Flavors: r-devel-linux-x86_64-fedora-clang, r-devel-windows-x86_64, r-release-macos-arm64, r-release-macos-x86_64, r-release-windows-x86_64, r-oldrel-macos-arm64, r-oldrel-macos-x86_64, r-oldrel-windows-x86_64