Last updated on 2025-04-29 07:50:32 CEST.
Flavor | Version | Tinstall | Tcheck | Ttotal | Status | Flags |
---|---|---|---|---|---|---|
r-devel-linux-x86_64-debian-clang | 1.0.2 | 2.01 | 17.96 | 19.97 | OK | |
r-devel-linux-x86_64-debian-gcc | 1.0.2 | 1.57 | 14.94 | 16.51 | NOTE | |
r-devel-linux-x86_64-fedora-clang | 1.0.2 | 32.36 | OK | |||
r-devel-linux-x86_64-fedora-gcc | 1.0.2 | 29.96 | OK | |||
r-devel-windows-x86_64 | 1.0.2 | 2.00 | 40.00 | 42.00 | OK | |
r-patched-linux-x86_64 | 1.0.2 | 2.07 | 17.73 | 19.80 | OK | |
r-release-linux-x86_64 | 1.0.2 | 1.83 | 17.79 | 19.62 | OK | |
r-release-macos-arm64 | 1.0.2 | 17.00 | OK | |||
r-release-macos-x86_64 | 1.0.2 | 23.00 | OK | |||
r-release-windows-x86_64 | 1.0.2 | 3.00 | 42.00 | 45.00 | OK | |
r-oldrel-macos-arm64 | 1.0.2 | 15.00 | NOTE | |||
r-oldrel-macos-x86_64 | 1.0.2 | 21.00 | NOTE | |||
r-oldrel-windows-x86_64 | 1.0.2 | 3.00 | 41.00 | 44.00 | NOTE |
Version: 1.0.2
Check: CRAN incoming feasibility
Result: NOTE
Maintainer: ‘Wolfgang Rolke <wolfgang.rolke@upr.edu>’
The Description field contains
value. Details can be found in <arXiv:2007.04727>.
Please refer to arXiv e-prints via their arXiv DOI <doi:10.48550/arXiv.YYMM.NNNNN>.
Flavor: r-devel-linux-x86_64-debian-gcc
Version: 1.0.2
Check: LazyData
Result: NOTE
'LazyData' is specified without a 'data' directory
Flavors: r-oldrel-macos-arm64, r-oldrel-macos-x86_64, r-oldrel-windows-x86_64