CRAN Package Check Results for Package simpleboot

Last updated on 2025-07-13 04:49:02 CEST.

Flavor Version Tinstall Tcheck Ttotal Status Flags
r-devel-linux-x86_64-debian-clang 1.1-8 2.09 36.15 38.24 NOTE
r-devel-linux-x86_64-debian-gcc 1.1-8 1.50 25.53 27.03 NOTE
r-devel-linux-x86_64-fedora-clang 1.1-8 58.47 OK
r-devel-linux-x86_64-fedora-gcc 1.1-8 54.74 OK
r-devel-windows-x86_64 1.1-8 4.00 54.00 58.00 OK
r-patched-linux-x86_64 1.1-8 2.36 33.64 36.00 OK
r-release-linux-x86_64 1.1-8 1.79 33.04 34.83 OK
r-release-macos-arm64 1.1-8 20.00 OK
r-release-macos-x86_64 1.1-8 37.00 OK
r-release-windows-x86_64 1.1-8 4.00 59.00 63.00 OK
r-oldrel-macos-arm64 1.1-8 22.00 OK
r-oldrel-macos-x86_64 1.1-8 54.00 OK
r-oldrel-windows-x86_64 1.1-8 4.00 62.00 66.00 OK

Check Details

Version: 1.1-8
Check: CRAN incoming feasibility
Result: NOTE Maintainer: ‘Roger D. Peng <roger.peng@austin.utexas.edu>’ No Authors@R field in DESCRIPTION. Please add one, modifying Authors@R: person(given = c("Roger", "D."), family = "Peng", role = c("aut", "cre"), email = "roger.peng@austin.utexas.edu") as necessary. Flavors: r-devel-linux-x86_64-debian-clang, r-devel-linux-x86_64-debian-gcc