Last updated on 2025-07-12 22:49:24 CEST.
Flavor | Version | Tinstall | Tcheck | Ttotal | Status | Flags |
---|---|---|---|---|---|---|
r-devel-linux-x86_64-debian-clang | 1.2.0 | 6.92 | 69.19 | 76.11 | NOTE | |
r-devel-linux-x86_64-debian-gcc | 1.2.0 | 5.12 | 51.94 | 57.06 | NOTE | |
r-devel-linux-x86_64-fedora-clang | 1.2.0 | 116.75 | NOTE | |||
r-devel-linux-x86_64-fedora-gcc | 1.2.0 | 123.08 | NOTE | |||
r-devel-windows-x86_64 | 1.2.0 | 10.00 | 121.00 | 131.00 | NOTE | |
r-patched-linux-x86_64 | 1.2.0 | 10.49 | 62.88 | 73.37 | NOTE | |
r-release-linux-x86_64 | 1.2.0 | 6.53 | 62.81 | 69.34 | NOTE | |
r-release-macos-arm64 | 1.2.0 | 54.00 | NOTE | |||
r-release-macos-x86_64 | 1.2.0 | 69.00 | NOTE | |||
r-release-windows-x86_64 | 1.2.0 | 10.00 | 128.00 | 138.00 | NOTE | |
r-oldrel-macos-arm64 | 1.2.0 | 46.00 | NOTE | |||
r-oldrel-macos-x86_64 | 1.2.0 | 64.00 | NOTE | |||
r-oldrel-windows-x86_64 | 1.2.0 | 12.00 | 141.00 | 153.00 | NOTE |
Version: 1.2.0
Check: Rd files
Result: NOTE
checkRd: (-1) solr_mlt.Rd:70: Lost braces; missing escapes or markup?
70 | TermVector DEFAULT_FIELD_NAMES = new String[] {"contents"}
| ^
Flavors: r-devel-linux-x86_64-debian-clang, r-devel-linux-x86_64-debian-gcc, r-devel-linux-x86_64-fedora-clang, r-devel-linux-x86_64-fedora-gcc, r-devel-windows-x86_64, r-patched-linux-x86_64, r-release-linux-x86_64, r-release-macos-arm64, r-release-macos-x86_64, r-release-windows-x86_64, r-oldrel-macos-arm64, r-oldrel-macos-x86_64, r-oldrel-windows-x86_64