Last updated on 2025-04-29 07:50:32 CEST.
Flavor | Version | Tinstall | Tcheck | Ttotal | Status | Flags |
---|---|---|---|---|---|---|
r-devel-linux-x86_64-debian-clang | 1.4.1.1 | 2.99 | 28.57 | 31.56 | OK | |
r-devel-linux-x86_64-debian-gcc | 1.4.1.1 | 2.95 | 21.90 | 24.85 | NOTE | |
r-devel-linux-x86_64-fedora-clang | 1.4.1.1 | 49.46 | OK | |||
r-devel-linux-x86_64-fedora-gcc | 1.4.1.1 | 47.73 | OK | |||
r-devel-windows-x86_64 | 1.4.1.1 | 4.00 | 55.00 | 59.00 | OK | |
r-patched-linux-x86_64 | 1.4.1.1 | 3.50 | 27.25 | 30.75 | OK | |
r-release-linux-x86_64 | 1.4.1.1 | 3.00 | 27.22 | 30.22 | OK | |
r-release-macos-arm64 | 1.4.1.1 | 18.00 | OK | |||
r-release-macos-x86_64 | 1.4.1.1 | 37.00 | OK | |||
r-release-windows-x86_64 | 1.4.1.1 | 5.00 | 62.00 | 67.00 | OK | |
r-oldrel-macos-arm64 | 1.4.1.1 | 19.00 | OK | |||
r-oldrel-macos-x86_64 | 1.4.1.1 | 28.00 | OK | |||
r-oldrel-windows-x86_64 | 1.4.1.1 | 5.00 | 53.00 | 58.00 | OK |
Version: 1.4.1.1
Check: CRAN incoming feasibility
Result: NOTE
Maintainer: ‘livio finos <livio@stat.unipd.it>’
No Authors@R field in DESCRIPTION.
Please add one, modifying
Authors@R: person(given = "livio",
family = "finos",
role = c("aut", "cre"),
email = "livio@stat.unipd.it")
as necessary.
Flavor: r-devel-linux-x86_64-debian-gcc