CRAN Package Check Results for Package spacesRGB

Last updated on 2025-07-13 04:49:03 CEST.

Flavor Version Tinstall Tcheck Ttotal Status Flags
r-devel-linux-x86_64-debian-clang 1.7-0 5.85 61.04 66.89 OK
r-devel-linux-x86_64-debian-gcc 1.7-0 3.99 44.32 48.31 OK
r-devel-linux-x86_64-fedora-clang 1.7-0 104.53 OK
r-devel-linux-x86_64-fedora-gcc 1.7-0 113.98 OK
r-devel-windows-x86_64 1.7-0 6.00 89.00 95.00 OK
r-patched-linux-x86_64 1.7-0 6.61 56.34 62.95 OK
r-release-linux-x86_64 1.7-0 5.16 57.84 63.00 OK
r-release-macos-arm64 1.7-0 33.00 NOTE
r-release-macos-x86_64 1.7-0 68.00 OK
r-release-windows-x86_64 1.7-0 8.00 99.00 107.00 OK
r-oldrel-macos-arm64 1.7-0 54.00 NOTE
r-oldrel-macos-x86_64 1.7-0 95.00 OK
r-oldrel-windows-x86_64 1.7-0 8.00 99.00 107.00 OK

Check Details

Version: 1.7-0
Check: whether the namespace can be loaded with stated dependencies
Result: NOTE Warning in microbenchmark::get_nanotime() : less accurate nanosecond times to avoid potential integer overflows A namespace must be able to be loaded with just the base namespace loaded: otherwise if the namespace gets loaded by a saved object, the session will be unable to start. Probably some imports need to be declared in the NAMESPACE file. Flavors: r-release-macos-arm64, r-oldrel-macos-arm64