CRAN Package Check Results for Package sparkhail

Last updated on 2025-07-12 22:49:24 CEST.

Flavor Version Tinstall Tcheck Ttotal Status Flags
r-devel-linux-x86_64-debian-clang 0.1.1 6.32 56.96 63.28 OK
r-devel-linux-x86_64-debian-gcc 0.1.1 4.46 39.58 44.04 OK
r-devel-linux-x86_64-fedora-clang 0.1.1 94.73 OK
r-devel-linux-x86_64-fedora-gcc 0.1.1 86.57 OK
r-devel-windows-x86_64 0.1.1 7.00 65.00 72.00 OK
r-patched-linux-x86_64 0.1.1 6.82 51.11 57.93 OK
r-release-linux-x86_64 0.1.1 6.51 50.40 56.91 OK
r-release-macos-arm64 0.1.1 30.00 OK
r-release-macos-x86_64 0.1.1 58.00 OK
r-release-windows-x86_64 0.1.1 7.00 68.00 75.00 OK
r-oldrel-macos-arm64 0.1.1 28.00 NOTE
r-oldrel-macos-x86_64 0.1.1 43.00 NOTE
r-oldrel-windows-x86_64 0.1.1 10.00 81.00 91.00 NOTE

Check Details

Version: 0.1.1
Check: LazyData
Result: NOTE 'LazyData' is specified without a 'data' directory Flavors: r-oldrel-macos-arm64, r-oldrel-macos-x86_64, r-oldrel-windows-x86_64