Last updated on 2025-10-15 22:52:40 CEST.
Flavor | Version | Tinstall | Tcheck | Ttotal | Status | Flags |
---|---|---|---|---|---|---|
r-devel-linux-x86_64-debian-clang | 0.3.0 | 8.08 | 82.72 | 90.80 | NOTE | |
r-devel-linux-x86_64-debian-gcc | 0.3.0 | 6.56 | 59.09 | 65.65 | NOTE | |
r-devel-linux-x86_64-fedora-clang | 0.3.0 | 144.35 | OK | |||
r-devel-linux-x86_64-fedora-gcc | 0.3.0 | 130.47 | OK | |||
r-devel-windows-x86_64 | 0.3.0 | 12.00 | 93.00 | 105.00 | OK | |
r-patched-linux-x86_64 | 0.3.0 | 9.21 | 76.47 | 85.68 | OK | |
r-release-linux-x86_64 | 0.3.0 | 8.67 | 76.93 | 85.60 | OK | |
r-release-macos-arm64 | 0.3.0 | 32.00 | OK | |||
r-release-macos-x86_64 | 0.3.0 | 68.00 | OK | |||
r-release-windows-x86_64 | 0.3.0 | 12.00 | 94.00 | 106.00 | OK | |
r-oldrel-macos-arm64 | 0.3.0 | 32.00 | OK | |||
r-oldrel-macos-x86_64 | 0.3.0 | 66.00 | OK | |||
r-oldrel-windows-x86_64 | 0.3.0 | 14.00 | 121.00 | 135.00 | OK |
Version: 0.3.0
Check: CRAN incoming feasibility
Result: NOTE
Maintainer: ‘Max Kuhn <mxkuhn@gmail.com>’
The Description field contains
classifier from Ramey et al. (2017) <arXiv:1602.01182>. Other
Please refer to arXiv e-prints via their arXiv DOI <doi:10.48550/arXiv.YYMM.NNNNN>.
Flavors: r-devel-linux-x86_64-debian-clang, r-devel-linux-x86_64-debian-gcc