CRAN Package Check Results for Package sparsesvd

Last updated on 2025-07-12 22:49:24 CEST.

Flavor Version Tinstall Tcheck Ttotal Status Flags
r-devel-linux-x86_64-debian-clang 0.2-2 8.07 65.77 73.84 NOTE
r-devel-linux-x86_64-debian-gcc 0.2-2 6.32 51.41 57.73 NOTE
r-devel-linux-x86_64-fedora-clang 0.2-2 109.75 OK
r-devel-linux-x86_64-fedora-gcc 0.2-2 108.71 OK
r-devel-windows-x86_64 0.2-2 10.00 78.00 88.00 NOTE
r-patched-linux-x86_64 0.2-2 6.93 66.07 73.00 NOTE
r-release-linux-x86_64 0.2-2 7.75 64.99 72.74 NOTE
r-release-macos-arm64 0.2-2 42.00 OK
r-release-macos-x86_64 0.2-2 78.00 OK
r-release-windows-x86_64 0.2-2 11.00 83.00 94.00 NOTE
r-oldrel-macos-arm64 0.2-2 38.00 OK
r-oldrel-macos-x86_64 0.2-2 58.00 OK
r-oldrel-windows-x86_64 0.2-2 14.00 96.00 110.00 OK

Check Details

Version: 0.2-2
Check: Rd cross-references
Result: NOTE Found the following Rd file(s) with Rd \link{} targets missing package anchors: sparsesvd.Rd: dgCMatrix-class, sparseMatrix Please provide package anchors for all Rd \link{} targets not in the package itself and the base packages. Flavors: r-devel-linux-x86_64-debian-clang, r-devel-linux-x86_64-debian-gcc, r-devel-windows-x86_64, r-patched-linux-x86_64, r-release-linux-x86_64, r-release-windows-x86_64