Last updated on 2025-07-13 04:49:03 CEST.
Flavor | Version | Tinstall | Tcheck | Ttotal | Status | Flags |
---|---|---|---|---|---|---|
r-devel-linux-x86_64-debian-clang | 0.2.5 | 148.16 | 33.84 | 182.00 | NOTE | |
r-devel-linux-x86_64-debian-gcc | 0.2.5 | 122.74 | 27.64 | 150.38 | NOTE | |
r-devel-linux-x86_64-fedora-clang | 0.2.5 | 318.29 | NOTE | |||
r-devel-linux-x86_64-fedora-gcc | 0.2.5 | 407.76 | NOTE | |||
r-devel-windows-x86_64 | 0.2.5 | 168.00 | 90.00 | 258.00 | NOTE | |
r-patched-linux-x86_64 | 0.2.5 | 180.86 | 31.23 | 212.09 | NOTE | |
r-release-linux-x86_64 | 0.2.5 | 170.65 | 30.65 | 201.30 | NOTE | |
r-release-macos-arm64 | 0.2.5 | 125.00 | NOTE | |||
r-release-macos-x86_64 | 0.2.5 | 101.00 | NOTE | |||
r-release-windows-x86_64 | 0.2.5 | 175.00 | 86.00 | 261.00 | NOTE | |
r-oldrel-macos-arm64 | 0.2.5 | 86.00 | NOTE | |||
r-oldrel-macos-x86_64 | 0.2.5 | 77.00 | NOTE | |||
r-oldrel-windows-x86_64 | 0.2.5 | 209.00 | 105.00 | 314.00 | NOTE |
Version: 0.2.5
Check: C++ specification
Result: NOTE
Specified C++14: please drop specification unless essential
Flavors: r-devel-linux-x86_64-debian-clang, r-devel-linux-x86_64-debian-gcc, r-devel-linux-x86_64-fedora-clang, r-devel-linux-x86_64-fedora-gcc, r-devel-windows-x86_64, r-patched-linux-x86_64, r-release-linux-x86_64, r-release-macos-arm64, r-release-macos-x86_64, r-release-windows-x86_64, r-oldrel-macos-arm64, r-oldrel-macos-x86_64, r-oldrel-windows-x86_64
Version: 0.2.5
Check: installed package size
Result: NOTE
installed size is 13.0Mb
sub-directories of 1Mb or more:
doc 1.2Mb
libs 11.5Mb
Flavors: r-oldrel-macos-arm64, r-oldrel-macos-x86_64