CRAN Package Check Results for Package spinner

Last updated on 2025-07-12 22:49:24 CEST.

Flavor Version Tinstall Tcheck Ttotal Status Flags
r-devel-linux-x86_64-debian-clang 1.1.0 14.48 5.75 20.23 ERROR
r-devel-linux-x86_64-debian-gcc 1.1.0 11.02 1519.80 1530.82 OK
r-devel-linux-x86_64-fedora-clang 1.1.0 1286.19 OK
r-devel-linux-x86_64-fedora-gcc 1.1.0 1133.83 OK
r-devel-windows-x86_64 1.1.0 16.00 346.00 362.00 OK
r-patched-linux-x86_64 1.1.0 14.81 5.40 20.21 ERROR
r-release-linux-x86_64 1.1.0 13.45 1109.50 1122.95 OK
r-release-macos-arm64 1.1.0 280.00 OK
r-release-macos-x86_64 1.1.0 70.00 OK
r-release-windows-x86_64 1.1.0 18.00 337.00 355.00 OK
r-oldrel-macos-arm64 1.1.0 44.00 OK
r-oldrel-macos-x86_64 1.1.0 73.00 OK
r-oldrel-windows-x86_64 1.1.0 20.00 539.00 559.00 OK

Check Details

Version: 1.1.0
Check: whether the package can be loaded
Result: ERROR Loading this package had a fatal error status code 1 Loading log: Error: package or namespace load failed for ‘spinner’: .onLoad failed in loadNamespace() for 'torch', details: call: inst_path() error: torch cannot write into '/home/hornik/tmp/R.check/r-devel-clang/Work/build/Packages/torch/'. Execution halted Flavor: r-devel-linux-x86_64-debian-clang

Version: 1.1.0
Check: whether the package can be loaded
Result: ERROR Loading this package had a fatal error status code 1 Loading log: Error: package or namespace load failed for ‘spinner’: .onLoad failed in loadNamespace() for 'torch', details: call: inst_path() error: torch cannot write into '/home/hornik/tmp/R.check/r-patched-gcc/Work/build/Packages/torch/'. Execution halted Flavor: r-patched-linux-x86_64