Last updated on 2024-05-23 14:48:30 CEST.
Flavor | Version | Tinstall | Tcheck | Ttotal | Status | Flags |
---|---|---|---|---|---|---|
r-devel-linux-x86_64-debian-clang | 1.5-3 | 11.00 | 102.74 | 113.74 | NOTE | |
r-devel-linux-x86_64-debian-gcc | 1.5-3 | 6.89 | 72.55 | 79.44 | NOTE | |
r-devel-linux-x86_64-fedora-clang | 1.5-3 | 137.64 | NOTE | |||
r-devel-linux-x86_64-fedora-gcc | 1.5-3 | 143.12 | NOTE | |||
r-devel-windows-x86_64 | 1.5-3 | 11.00 | 119.00 | 130.00 | NOTE | |
r-patched-linux-x86_64 | 1.5-3 | 13.42 | 101.95 | 115.37 | NOTE | |
r-release-linux-x86_64 | 1.5-3 | 10.18 | 99.97 | 110.15 | NOTE | |
r-release-macos-arm64 | 1.5-3 | 43.00 | NOTE | |||
r-release-windows-x86_64 | 1.5-3 | 12.00 | 121.00 | 133.00 | NOTE | |
r-oldrel-macos-arm64 | 1.5-3 | 49.00 | NOTE | |||
r-oldrel-macos-x86_64 | 1.5-3 | 79.00 | NOTE | |||
r-oldrel-windows-x86_64 | 1.5-3 | 15.00 | 130.00 | 145.00 | NOTE |
Version: 1.5-3
Check: R code for possible problems
Result: NOTE
efpFunctional: multiple local function definitions for ‘plotProcess’
with different formal arguments
mefp.efp: multiple local function definitions for ‘computeEmpProc’ with
different formal arguments
Flavors: r-devel-linux-x86_64-debian-clang, r-devel-linux-x86_64-debian-gcc, r-devel-linux-x86_64-fedora-clang, r-devel-linux-x86_64-fedora-gcc, r-devel-windows-x86_64, r-patched-linux-x86_64, r-release-linux-x86_64, r-release-macos-arm64, r-release-windows-x86_64, r-oldrel-macos-arm64, r-oldrel-macos-x86_64, r-oldrel-windows-x86_64